{"id":940,"date":"2015-02-25T15:57:44","date_gmt":"2015-02-25T14:57:44","guid":{"rendered":"http:\/\/salon-urody.wroclaw.pl\/?page_id=940"},"modified":"2025-08-09T03:05:39","modified_gmt":"2025-08-09T01:05:39","slug":"o-nas","status":"publish","type":"page","link":"https:\/\/salon-urody.wroclaw.pl\/index.php\/o-nas\/","title":{"rendered":"O Nas"},"content":{"rendered":"<h2 style=\"text-align: center;\"><img decoding=\"async\" class=\"wp-image-2987 alignright lazyload\" style=\"--smush-placeholder-width: 302px; --smush-placeholder-aspect-ratio: 302\/291;font-size: 16px;\" data-src=\"https:\/\/salon-urody.wroclaw.pl\/wp-content\/uploads\/2022\/10\/78838929_xl-300x289.jpg\" alt=\"\" width=\"302\" height=\"291\" data-srcset=\"https:\/\/salon-urody.wroclaw.pl\/wp-content\/uploads\/2022\/10\/78838929_xl-300x289.jpg 300w, https:\/\/salon-urody.wroclaw.pl\/wp-content\/uploads\/2022\/10\/78838929_xl-1024x987.jpg 1024w, https:\/\/salon-urody.wroclaw.pl\/wp-content\/uploads\/2022\/10\/78838929_xl-150x145.jpg 150w, https:\/\/salon-urody.wroclaw.pl\/wp-content\/uploads\/2022\/10\/78838929_xl-768x740.jpg 768w, https:\/\/salon-urody.wroclaw.pl\/wp-content\/uploads\/2022\/10\/78838929_xl-1536x1481.jpg 1536w, https:\/\/salon-urody.wroclaw.pl\/wp-content\/uploads\/2022\/10\/78838929_xl-2048x1974.jpg 2048w\" data-sizes=\"(max-width: 302px) 100vw, 302px\" src=\"data:image\/svg+xml;base64,PHN2ZyB3aWR0aD0iMSIgaGVpZ2h0PSIxIiB4bWxucz0iaHR0cDovL3d3dy53My5vcmcvMjAwMC9zdmciPjwvc3ZnPg==\" \/><\/h2>\n<h2 style=\"text-align: center;\"><strong style=\"color: purple;\">Salon Urody Fantastic Body<\/strong><\/h2>\n<h3 style=\"text-align: center;\"><span style=\"font-family: 'Open Sans'; font-size: 16px;\">Wyj\u0105tkowe miejsce stworzone z my\u015bl\u0105 o holistycznej piel\u0119gnacji cia\u0142a. Przy wsp\u00f3\u0142pracy ze specjalistami w dziedzinie kosmetologii, fizjoterapii i medycyny estetycznej dok\u0142adamy wszelkich stara\u0144, by zaspokoi\u0107 wysokie wymagania naszych klient\u00f3w i poprawi\u0107 ich samopoczucie oraz wygl\u0105d.\u00a0<\/span><\/h3>\n<p>&nbsp;<\/p>\n<h3 style=\"text-align: center;\"><span style=\"color: #ff69b4;\"><strong>Funkcjonujemy na rynku\u00a0od 2010 roku<\/strong><\/span><\/h3>\n<p style=\"text-align: center;\">Z dum\u0105 mo\u017cemy zaprezentowa\u0107 najnowsze technologie dbania o nasze cia\u0142o i ducha. Pracujemy z pasj\u0105 i zaanga\u017cowaniem, stawiaj\u0105c na pierwszym miejscu dobre samopoczucie Pa\u0144 i Pan\u00f3w,\u00a0 oferuj\u0105c profesjonalne us\u0142ugi na najwy\u017cszym poziomie.<\/p>\n<p style=\"text-align: center;\">Przedstawiciele naszej firmy zaanga\u017cowani s\u0105 w eksploracj\u0119 rynku zabieg\u00f3w upi\u0119kszaj\u0105cych oraz najnowocze\u015bniejszych urz\u0105dze\u0144 poprawiaj\u0105cych nasz wygl\u0105d. Regularnie uczestniczymy w profesjonalnych szkoleniach kosmetycznych i targach aparatury zabiegowej, odbywaj\u0105cych si\u0119 na ca\u0142ym \u015bwiecie, mi\u0119dzy innymi w Hong Kongu i Bolonii.<\/p>\n<h3><img decoding=\"async\" class=\"size-medium wp-image-2281 alignleft lazyload\"Open Sans'; font-size: 16px;\" data-src=\"https:\/\/salon-urody.wroclaw.pl\/wp-content\/uploads\/2017\/10\/Retibrazja-243x300.jpg\" alt=\"Retibrazja\" width=\"243\" height=\"300\" data-srcset=\"https:\/\/salon-urody.wroclaw.pl\/wp-content\/uploads\/2017\/10\/Retibrazja-243x300.jpg 243w, https:\/\/salon-urody.wroclaw.pl\/wp-content\/uploads\/2017\/10\/Retibrazja-121x150.jpg 121w, https:\/\/salon-urody.wroclaw.pl\/wp-content\/uploads\/2017\/10\/Retibrazja.jpg 340w\" data-sizes=\"(max-width: 243px) 100vw, 243px\" src=\"data:image\/svg+xml;base64,PHN2ZyB3aWR0aD0iMSIgaGVpZ2h0PSIxIiB4bWxucz0iaHR0cDovL3d3dy53My5vcmcvMjAwMC9zdmciPjwvc3ZnPg==\" style=\"--smush-placeholder-width: 243px; --smush-placeholder-aspect-ratio: 243\/300;\" \/><\/h3>\n<h3><strong><span style=\"color: #ff69b4;\">Z dum\u0105 prezentujemy nowinki technologiczne<\/span><\/strong><\/h3>\n<p>Urz\u0105dzenia, ciesz\u0105ce si\u0119 najwi\u0119kszym zaufaniem i pozytywn\u0105 opini\u0105 specjalist\u00f3w w dziedzinie kosmetologii i medycyny estetycznej. Swoj\u0105 wiedz\u0105 i do\u015bwiadczeniem dzielimy si\u0119 r\u00f3wnie\u017c w artyku\u0142ach publikowanych na \u0142amach profesjonalnych czasopism bran\u017cowych.<\/p>\n<p>&nbsp;<\/p>\n<h3><strong><span style=\"color: #ff69b4;\">Proponujemy naszym klientom efektywne rozwi\u0105zania<\/span><\/strong><\/h3>\n<p>Innowacyjne, bezpieczne, ale przede wszystkim skuteczne rozwi\u0105zania. Dysponujemy najbardziej zaawansowanymi technologicznie urz\u0105dzeniami typu: <strong><span style=\"color: #808080;\"><a style=\"color: #808080;\" href=\"https:\/\/salon-urody.wroclaw.pl\/index.php\/pielegnacja-ciala\/fala-uderzeniowa-double-wave\/\">Fala Uderzeniowa<\/a>,<\/span>\u00a0<span style=\"color: #808080;\"><a style=\"color: #808080;\" href=\"https:\/\/salon-urody.wroclaw.pl\/index.php\/hifu-4d-lift-lifting-bezoperacyjny\/\"> HIFU<\/a><\/span>,\u00a0<span style=\"color: #808080;\"><a style=\"color: #808080;\" title=\"kriolipoliza\" href=\"http:\/\/salon-urody.wroclaw.pl\/index.php\/pielegnacja-ciala\/kriolipoliza\/\">Kriolipoliza<\/a>, <a style=\"color: #808080;\" title=\"depilacja\" href=\"http:\/\/salon-urody.wroclaw.pl\/index.php\/pielegnacja-ciala\/depilacja-laserowa\/\">Light Sheer\u00ae<\/a>, <a style=\"color: #808080;\" title=\"Mezoterapia Mikroig\u0142owa\" href=\"http:\/\/salon-urody.wroclaw.pl\/index.php\/pielegnacja-twarzy\/mezoterapia-mikroiglowa\/\">Derma-Pen<\/a>, <a style=\"color: #808080;\" title=\"zamykanie naczynek\" href=\"http:\/\/salon-urody.wroclaw.pl\/index.php\/pielegnacja-ciala\/zamykanie-naczynek\/\">VainWave\u2122<\/a>, <a style=\"color: #808080;\" title=\"oksybrazja\" href=\"http:\/\/salon-urody.wroclaw.pl\/index.php\/pielegnacja-twarzy\/oksybrazja\/\">Oksybrazja<\/a>, <a style=\"color: #808080;\" title=\"liposukcja\" href=\"http:\/\/salon-urody.wroclaw.pl\/index.php\/pielegnacja-ciala\/liposukcja-kawitacyjna-modelowanie-ciala-bez-skalpela\/\">liposukcja kawitacyjna<\/a>, <a style=\"color: #808080;\" href=\"http:\/\/salon-urody.wroclaw.pl\/index.php\/pielegnacja-ciala\/lipo-laser\/\">Lipo Laser<\/a><\/span><\/strong> czy aparatura <strong><span style=\"color: #808080;\"><a style=\"color: #808080;\" title=\"RF\" href=\"http:\/\/salon-urody.wroclaw.pl\/index.php\/pielegnacja-ciala\/fale-radiowe-na-cialo\/\">RF<\/a><\/span><\/strong> do termoplastyki, dlatego jeste\u015bmy w stanie zaspokoi\u0107 najbardziej wyg\u00f3rowane wymagania w kwestii poprawy wygl\u0105du.<\/p>\n<p>&nbsp;<\/p>\n<p><img decoding=\"async\" class=\"size-medium wp-image-2952 alignright lazyload\" data-src=\"https:\/\/salon-urody.wroclaw.pl\/wp-content\/uploads\/2022\/10\/64894909_xxl-1-200x300.jpg\" alt=\"\" width=\"200\" height=\"300\" data-srcset=\"https:\/\/salon-urody.wroclaw.pl\/wp-content\/uploads\/2022\/10\/64894909_xxl-1-200x300.jpg 200w, https:\/\/salon-urody.wroclaw.pl\/wp-content\/uploads\/2022\/10\/64894909_xxl-1-684x1024.jpg 684w, https:\/\/salon-urody.wroclaw.pl\/wp-content\/uploads\/2022\/10\/64894909_xxl-1-100x150.jpg 100w, https:\/\/salon-urody.wroclaw.pl\/wp-content\/uploads\/2022\/10\/64894909_xxl-1-768x1150.jpg 768w, https:\/\/salon-urody.wroclaw.pl\/wp-content\/uploads\/2022\/10\/64894909_xxl-1-1025x1536.jpg 1025w, https:\/\/salon-urody.wroclaw.pl\/wp-content\/uploads\/2022\/10\/64894909_xxl-1-1367x2048.jpg 1367w, https:\/\/salon-urody.wroclaw.pl\/wp-content\/uploads\/2022\/10\/64894909_xxl-1-scaled.jpg 1709w\" data-sizes=\"(max-width: 200px) 100vw, 200px\" src=\"data:image\/svg+xml;base64,PHN2ZyB3aWR0aD0iMSIgaGVpZ2h0PSIxIiB4bWxucz0iaHR0cDovL3d3dy53My5vcmcvMjAwMC9zdmciPjwvc3ZnPg==\" style=\"--smush-placeholder-width: 200px; --smush-placeholder-aspect-ratio: 200\/300;\" \/><\/p>\n<h3><strong><span style=\"color: #ff69b4;\">Pracujemy na najwy\u017cszej jako\u015bci kosmetykach wielu marek<\/span><\/strong><\/h3>\n<p>Rhonda Allison, M&#8217;onduniq, Selvert Thermal, <span style=\"color: #808080;\"><strong>Thalgo<\/strong>,<\/span> Thalion, Norel, Formula Ph+, Klapp, <span style=\"color: #808080;\">Sesderma, Filorga,<\/span> Isabele Lancray, Mesoestetic- to produkty, kt\u00f3re przez lata zapracowa\u0142y sobie na nasze zaufanie i ciesz\u0105 si\u0119 dobr\u0105 opini\u0105 wiernych klient\u00f3w, gwarantuj\u0105c nam pi\u0119kne, zdrowe i zadbane cia\u0142o. Skuteczno\u015b\u0107 i szerokie spektrum dzia\u0142ania stosowanych przez nas kosmeceutyk\u00f3w umo\u017cliwiaj\u0105 piel\u0119gnacj\u0119 wszystkich rodzaj\u00f3w cery bez wzgl\u0119du na wiek czy p\u0142e\u0107.<\/p>\n<p>&nbsp;<\/p>\n<h3><strong><span style=\"color: #ff69b4;\">Do ka\u017cdego przypadku podchodzimy indywidualnie<\/span><\/strong><\/h3>\n<p>Ze wzgl\u0119du na r\u00f3\u017cne zapotrzebowania, dziel\u0105c si\u0119 kompendium wiedzy o tym, jak najlepiej o siebie zadba\u0107, skupiamy uwag\u0119 nawet na najmniejszych szczeg\u00f3\u0142ach, dopasowuj\u0105c zabieg. Wzbogacili\u015bmy r\u00f3wnie\u017c zakres naszych us\u0142ug o zabiegi z dziedziny medycyny estetycznej. Nasi klienci mog\u0105 zadba\u0107 o swoj\u0105 sk\u00f3r\u0119 od wewn\u0105trz podczas zabiegu mezoterapii ig\u0142owej manualnej, b\u0105d\u017a pistoletowej. Ponadto oferujemy zabieg lipolizy iniekcyjnej &#8211; stanowi to idealne dope\u0142nienie terapii na naszych sprz\u0119tach do redukcji tkanki t\u0142uszczowej.<\/p>\n<p>&nbsp;<\/p>\n<h3>Konkluduj\u0105c, nasz kompetentny, certyfikowany personel precyzyjnie i z dba\u0142o\u015bci\u0105 wykona zabiegi w naszym salonie, oraz spe\u0142ni wszystkie Twoje \u017cyczenia.<\/h3>\n<p>&nbsp;<\/p>\n<h4>Serdecznie zapraszamy do zapoznania si\u0119 z naszymi zabiegami.<\/h4>\n<p><span style=\"line-height: 1.5;\">Zadzwo\u0144 teraz: <a href=\"tel:50545777\">tel. 505455777<\/a><\/span><\/p>\n<p><a href=\"https:\/\/instytut27.booksy.com\">Rezerwuj online<\/a><\/p>\n<p>&nbsp;<\/p>\n","protected":false},"excerpt":{"rendered":"<p>Salon Urody Fantastic Body Wyj\u0105tkowe miejsce stworzone z my\u015bl\u0105 o holistycznej piel\u0119gnacji cia\u0142a. Przy wsp\u00f3\u0142pracy ze specjalistami w dziedzinie kosmetologii, fizjoterapii i medycyny estetycznej dok\u0142adamy wszelkich stara\u0144, by zaspokoi\u0107 wysokie wymagania naszych klient\u00f3w i poprawi\u0107 ich samopoczucie oraz wygl\u0105d.\u00a0 &nbsp; Funkcjonujemy na rynku\u00a0od 2010 roku Z dum\u0105 mo\u017cemy zaprezentowa\u0107 najnowsze technologie dbania o nasze cia\u0142o [&hellip;]<\/p>\n","protected":false},"author":6,"featured_media":949,"parent":0,"menu_order":0,"comment_status":"open","ping_status":"open","template":"","meta":{"_uf_show_specific_survey":0,"_uf_disable_surveys":false,"__cvm_playback_settings":[],"__cvm_video_id":"","_glsr_average":0,"_glsr_ranking":0,"_glsr_reviews":0,"footnotes":""},"class_list":["post-940","page","type-page","status-publish","has-post-thumbnail","czr-hentry"],"aioseo_notices":[],"_links":{"self":[{"href":"https:\/\/salon-urody.wroclaw.pl\/index.php\/wp-json\/wp\/v2\/pages\/940","targetHints":{"allow":["GET"]}}],"collection":[{"href":"https:\/\/salon-urody.wroclaw.pl\/index.php\/wp-json\/wp\/v2\/pages"}],"about":[{"href":"https:\/\/salon-urody.wroclaw.pl\/index.php\/wp-json\/wp\/v2\/types\/page"}],"author":[{"embeddable":true,"href":"https:\/\/salon-urody.wroclaw.pl\/index.php\/wp-json\/wp\/v2\/users\/6"}],"replies":[{"embeddable":true,"href":"https:\/\/salon-urody.wroclaw.pl\/index.php\/wp-json\/wp\/v2\/comments?post=940"}],"version-history":[{"count":2,"href":"https:\/\/salon-urody.wroclaw.pl\/index.php\/wp-json\/wp\/v2\/pages\/940\/revisions"}],"predecessor-version":[{"id":4146,"href":"https:\/\/salon-urody.wroclaw.pl\/index.php\/wp-json\/wp\/v2\/pages\/940\/revisions\/4146"}],"wp:featuredmedia":[{"embeddable":true,"href":"https:\/\/salon-urody.wroclaw.pl\/index.php\/wp-json\/wp\/v2\/media\/949"}],"wp:attachment":[{"href":"https:\/\/salon-urody.wroclaw.pl\/index.php\/wp-json\/wp\/v2\/media?parent=940"}],"curies":[{"name":"wp","href":"https:\/\/api.w.org\/{rel}","templated":true}]}}