{"id":577,"date":"2015-02-12T12:07:48","date_gmt":"2015-02-12T11:07:48","guid":{"rendered":"http:\/\/salon-urody.wroclaw.pl\/?page_id=577"},"modified":"2023-11-13T15:04:51","modified_gmt":"2023-11-13T14:04:51","slug":"fale-radiowe-rf-lifting-bez-skalpela","status":"publish","type":"page","link":"https:\/\/salon-urody.wroclaw.pl\/index.php\/pielegnacja-twarzy\/fale-radiowe-rf-lifting-bez-skalpela\/","title":{"rendered":"Fale radiowe RF"},"content":{"rendered":"<p><strong><span style=\"color: #800000;\">Fale Radiowe RF &#8211; Lifting Bez Skalpela<\/span><a href=\"http:\/\/salon-urody.wroclaw.pl\/wp-content\/uploads\/2015\/02\/RF-beauty.jpg\"><img decoding=\"async\" class=\"size-medium wp-image-595 alignright lazyload\" data-src=\"http:\/\/salon-urody.wroclaw.pl\/wp-content\/uploads\/2015\/02\/RF-beauty.jpg\" alt=\"RF beauty\" width=\"350\" height=\"450\" src=\"data:image\/svg+xml;base64,PHN2ZyB3aWR0aD0iMSIgaGVpZ2h0PSIxIiB4bWxucz0iaHR0cDovL3d3dy53My5vcmcvMjAwMC9zdmciPjwvc3ZnPg==\" style=\"--smush-placeholder-width: 350px; --smush-placeholder-aspect-ratio: 350\/450;\" \/><\/a><\/strong><\/p>\n<p>&nbsp;<\/p>\n<p>Na czym polega dobroczynne dzia\u0142anie fal radiowych na struktur\u0119 sk\u00f3ry?<\/p>\n<p>Wsp\u00f3\u0142czesna kosmetologia wykorzystuje w\u0142a\u015bciwo\u015bci fal radiowych w walce o pi\u0119kny wygl\u0105d. Fale radiowe w kosmetyce pozwalaj\u0105 na wykonywanie liftingu sk\u00f3ry, twarzy, szyi i dekoltu bez u\u017cycia skalpela. <span style=\"color: #800000;\">Zabiegi nie tylko niweluj\u0105 efekty starzenia, ale dzia\u0142aj\u0105 r\u00f3wnie\u017c zapobiegawczo zwi\u0119kszaj\u0105c g\u0119sto\u015b\u0107 i odporno\u015b\u0107 sk\u00f3ry.<\/span><br \/>\nPoprzez stymulacj\u0119 fal\u0105 radiow\u0105 zachodzi proces diatermii, czyli wytwarzania ciep\u0142a wewn\u0105trz kom\u00f3rek. Ciep\u0142o endogenne tkanek wzrasta, przez co w\u0142\u00f3kna kolagenowe napinaj\u0105 si\u0119, dzi\u0119ki czemu poprawia si\u0119 elastyczno\u015b\u0107 i uj\u0119drnienie sk\u00f3ry, a zmarszczki ulegaj\u0105 sp\u0142yceniu.<\/p>\n<p>Dzi\u0119ki tej metodzie energia dociera do zar\u00f3wno do p\u0142ytszych jak i g\u0142\u0119bszych warstw sk\u00f3ry pobudzaj\u0105c fibroblasty do produkcji kolagenu i elastyny. Dochodzi do od\u017cywienia sk\u00f3ry poprzez rozszerzenie naczy\u0144 krwiono\u015bnych i przyspieszenie metabolizmu tkankowego oraz transportu tlenu do tkanek. Usuwane s\u0105 produkty przemian kom\u00f3rkowych, nast\u0119puje redukcja wolnych rodnik\u00f3w oraz zwi\u0119kszenie przepuszczalno\u015bci b\u0142on kom\u00f3rkowych dla sk\u0142adnik\u00f3w aktywnych.<\/p>\n<p>Dodatkowo zabieg nale\u017cy do mi\u0142ych i relaksuj\u0105cych, dzi\u0119ki odczuwaniu przyjemnego ciep\u0142a i odpr\u0119\u017caniu mi\u0119\u015bni twarzy.\u00a0Pierwsze rezultaty sp\u0142ycenia drobnych zmarszczek mimicznych oraz zwi\u0119kszenie j\u0119drno\u015bci i napi\u0119cia sk\u00f3ry s\u0105 widoczne niemal natychmiast. Efekt dog\u0142\u0119bnej poprawy g\u0119sto\u015bci sk\u00f3ry pojawia si\u0119 stopniowo w ci\u0105gu od 2 do 6 miesi\u0119cy po wykonaniu zabiegu, poniewa\u017c przez ten czas trwa pobudzanie fibroblast\u00f3w do produkcji kolagenu, powoduj\u0105c przebudowanie struktury sk\u00f3ry i jej odm\u0142odzenie. Najlepsze rezultaty wyst\u0119puj\u0105 u os\u00f3b w wieku powy\u017cej 50 lat, u kt\u00f3rych sk\u00f3ra \u0142atwiej reaguje na bod\u017ace stymuluj\u0105ce. U os\u00f3b starszych wyniki s\u0105 r\u00f3wnie\u017c dobre jednak trzeba zastosowa\u0107 wi\u0119cej zabieg\u00f3w, za\u015b u m\u0142odszych pacjent\u00f3w po 30 roku \u017cycia powoduje podtrzymanie ilo\u015bci kolagenu traconego z up\u0142ywem czasu.<br \/>\nPo terapii sk\u00f3ra mo\u017ce by\u0107 lekko zaczerwieniona i wra\u017cliwa na dotyk, ale objawy te mijaj\u0105 po paru godzinach. Twarz nale\u017cy zabezpiecza\u0107 kremem z filtrami UVA i UVB oraz dba\u0107 o nawil\u017canie. Unikamy intensywnego nas\u0142oneczniania do dw\u00f3ch miesi\u0119cy po zako\u0144czonej serii.<br \/>\nSeria rytua\u0142\u00f3w odm\u0142adzaj\u0105cych sk\u00f3r\u0119 twarzy, okolic oczu, szyi i dekoltu obejmuje 4 do 5 zabieg\u00f3w wykonywanych w odst\u0119pie 3 tygodni, a efekty utrzymuj\u0105 si\u0119 w zale\u017cno\u015bci od indywidualnych predyspozycji sk\u00f3ry od 2 do 5 lat.<\/p>\n<p><span style=\"color: #800000;\"><strong>Dzia\u0142anie RF na twarz:<\/strong><\/span><\/p>\n<p><span style=\"color: #333333;\">&#8211; reorganizacja w\u0142\u00f3kien kolagenu \u2013 lifting i uj\u0119drnienie sk\u00f3ry, oraz sp\u0142ycenie zmarszczek<\/span><br \/>\n<span style=\"color: #333333;\"> &#8211; wzrost syntezy nowego kolagenu &#8211; biorewitalizacja<\/span><br \/>\n<span style=\"color: #333333;\"> &#8211; zwi\u0119kszenie g\u0119sto\u015bci i elastyczno\u015bci sk\u00f3ry<\/span><br \/>\n<span style=\"color: #333333;\"> &#8211; napi\u0119cie tkanki \u0142\u0105cznej \u2013 remodeling, poprawa kontur\u00f3w i struktury 3D sk\u00f3ry<\/span><br \/>\n<span style=\"color: #333333;\"> &#8211; niwelowanie obrz\u0119k\u00f3w pod oczami<\/span><br \/>\n<span style=\"color: #333333;\"> &#8211; likwidacja opadaj\u0105cych policzk\u00f3w, poprawa owalu twarzy<\/span><br \/>\n<span style=\"color: #333333;\"> &#8211; redukcja podbr\u00f3dka<\/span><\/p>\n<p>Przeciwwskazania:<\/p>\n<p><a href=\"http:\/\/salon-urody.wroclaw.pl\/wp-content\/uploads\/2015\/02\/RF.jpg\"><img decoding=\"async\" class=\"size-medium wp-image-596 alignright lazyload\" data-src=\"http:\/\/salon-urody.wroclaw.pl\/wp-content\/uploads\/2015\/02\/RF.jpg\" alt=\"RF\" width=\"300\" height=\"350\" src=\"data:image\/svg+xml;base64,PHN2ZyB3aWR0aD0iMSIgaGVpZ2h0PSIxIiB4bWxucz0iaHR0cDovL3d3dy53My5vcmcvMjAwMC9zdmciPjwvc3ZnPg==\" style=\"--smush-placeholder-width: 300px; --smush-placeholder-aspect-ratio: 300\/350;\" \/><\/a>&#8211; choroby nowotworowe;<br \/>\n&#8211; rozrusznik serca;<br \/>\n&#8211; ostre zapalenie staw\u00f3w i ko\u015bci;<br \/>\n&#8211; implanty;<br \/>\n&#8211; ci\u0105\u017ca;<br \/>\n&#8211; tendencja do krwawienia;<br \/>\n&#8211; nadci\u015bnienie;<br \/>\n&#8211; przerwanie ci\u0105g\u0142o\u015bci sk\u00f3ry;<br \/>\n&#8211; oparzenie sk\u00f3ry lub rekonwalescencja po oparzeniach;<br \/>\n&#8211; ropnie tkanek mi\u0119kkich;<br \/>\n&#8211; zaburzenia czucia b\u00f3lu i odczuwania ciep\u0142a;<br \/>\n&#8211; powa\u017cne choroby zaka\u017ane np. gru\u017alica;<\/p>\n<p>Zabieg re-modelingu przy pomocy fali radiowej RF &#8211; 335z\u0142 (twarz, szyja, dekolt + maska algowa)<\/p>\n<p>Fala radiowa twarz 250 z\u0142<\/p>\n<p>Fala radiowa okolice oczu 150 z\u0142<\/p>\n<p>Fala radiowa okolice oczu jako dodatek do zabiegu 75 z\u0142<\/p>\n<p>Pakiet Vip x 4 &#8211; 750 z\u0142<\/p>\n<h4>Najcz\u0119\u015bciej zadawane pytania:<\/h4>\n<ul>\n<li>Jak wygl\u0105da zabieg falami radiowymi?<\/li>\n<\/ul>\n<p>Terapia RF, znana r\u00f3wnie\u017c jako radiofrekwencja, opiera si\u0119 g\u0142\u00f3wnie na stosowaniu fali elektromagnetycznej do masa\u017cu okre\u015blonych obszar\u00f3w cia\u0142a. Specjalna g\u0142owica emituje fale elektromagnetyczne, kt\u00f3re przenikaj\u0105 g\u0142\u0119boko w sk\u00f3r\u0119, wp\u0142ywaj\u0105c na tkanki podsk\u00f3rne. Podczas zabiegu fale radiowe s\u0105 skoncentrowane na sk\u00f3rze w\u0142a\u015bciwej, co stymuluje fibroblasty, czyli kom\u00f3rki sk\u00f3ry, do produkcji i regeneracji w\u0142\u00f3kien kolagenowych. Dodatkowo, terapia RF pobudza uk\u0142ad limfatyczny i krwiono\u015bny, co zwi\u0119ksza metabolizm w tkankach.<\/p>\n<ul>\n<li>\n<div class=\"JlqpRe\"><span class=\"JCzEY ZwRhJd\"><span class=\"CSkcDe\">Co ile powtarza\u0107 RF?<\/span><\/span><\/div>\n<\/li>\n<\/ul>\n<p>Zalecana jest seria <strong>5<\/strong><b>\u00a0do 10 zabieg\u00f3w w odst\u0119pnie 1 tygodnia<\/b>. Efekty widoczne s\u0105 zaraz po wykonanym zabiegu i narastaj\u0105 w ci\u0105gu kolejnych 3 &#8211; 4 miesi\u0119cy.<\/p>\n<ul>\n<li>Jakie s\u0105 rodzaje fal radiowych?<\/li>\n<\/ul>\n<p>W przypadku fal monopolarnych, u\u017cywane s\u0105 dwie elektrody: bierna (uziemienie), kt\u00f3ra wymaga bezpo\u015bredniego kontaktu z cia\u0142em klientki, oraz czynna, kt\u00f3ra emituje fal\u0119 radiow\u0105. Pr\u0105d przep\u0142ywa od elektrody czynnej przez cia\u0142o pacjenta do elektrody biernej, a nast\u0119pnie wraca do urz\u0105dzenia, tworz\u0105c zamkni\u0119ty obw\u00f3d. Ta metoda dociera najg\u0142\u0119biej podgrzewaj\u0105c tkanki. <span style=\"font-weight: inherit;\">W przypadku fal bipolarnych, u\u017cywane s\u0105 dwie elektrody czynne umieszczone na jednej g\u0142owicy, nie ma elektrody uziemiaj\u0105cej. Pr\u0105d przep\u0142ywa mi\u0119dzy tymi elektrodami, a penetracja jest znacznie bardziej ograniczona. <\/span><span style=\"font-weight: inherit;\">W przypadku fal multipolarnych, wykorzystuje si\u0119 co najmniej trzy elektrody: jedn\u0105 elektrod\u0119 ujemn\u0105 i pozosta\u0142e elektrody dodatnie.\u00a0<\/span><\/p>\n<ul>\n<li>\n<div class=\"JlqpRe\">\n<div class=\"JlqpRe\"><span class=\"JCzEY ZwRhJd\"><span class=\"CSkcDe\">Jak wygl\u0105da twarz po radiofrekwencji?<\/span><\/span><\/div>\n<p>Lepsze napi\u0119cie sk\u00f3ry: radiofrekwencja stymuluje produkcj\u0119 kolagenu, co prowadzi do zwi\u0119kszenia j\u0119drno\u015bci i elastyczno\u015bci sk\u00f3ry. Redukcja zmarszczek i linii mimicznych. Sk\u00f3ra staje si\u0119 bardziej g\u0142adka i odm\u0142odzona. Poprawa konturu twarzy: wyeksponowanie linii \u017cuchwy, uniesienia policzk\u00f3w. Poprawa tekstury sk\u00f3ry, m.in. redukcja blizn, zmniejszenie rozszerzonych por\u00f3w i nier\u00f3wno\u015bci. Efekt od\u015bwie\u017caj\u0105cy: radiofrekwencja pobudza kr\u0105\u017cenie krwi i limfatyczne, co mo\u017ce przyczyni\u0107 si\u0119 do od\u015bwie\u017cenia sk\u00f3ry i poprawy jej kolorytu.<\/p>\n<\/div>\n<\/li>\n<li>Po jakim czasie wida\u0107 efekty po falach radiowych?<\/li>\n<\/ul>\n<p>Zazwyczaj pierwsze efekty po zabiegu radiofrekwencji s\u0105 widoczne ju\u017c po wykonaniu jednego zabiegu, ale optymalny efekt pojawia si\u0119 zwykle oko\u0142o 2-3 tygodni po zako\u0144czeniu ca\u0142ej serii zabieg\u00f3w. Aby utrzyma\u0107 osi\u0105gni\u0119te rezultaty, zaleca si\u0119 przeprowadzanie zabiegu raz na 1-2 miesi\u0105ce.<\/p>\n<ul>\n<li>Ile kosztuje zabieg falami radiowymi?<\/li>\n<\/ul>\n<ol>\n<li>Zabieg na twarz- 250 z\u0142<\/li>\n<li>Zabieg twarz+ szyja- 270 z\u0142<\/li>\n<li>Zabieg twarz+ szyja+ dekolt- 300z\u0142<\/li>\n<li>Zbieg na okolice oka- 150 z\u0142<\/li>\n<\/ol>\n<ul>\n<li>Ile trwa zabieg RF na twarz?<\/li>\n<\/ul>\n<p>Zabieg na twarz trwa oko\u0142o 30 minut, je\u015bli zabieg obejmuje twarz, szyj\u0119 i dekolt w\u00f3wczas procedura zabiegowa mo\u017ce potrwa\u0107 godzin\u0119. Na wybran\u0105 parti\u0119 cia\u0142a nale\u017cy przygotowa\u0107 si\u0119 na 40 minut zabiegu.<\/p>\n<ul>\n<li>Czy warto robi\u0107 RF?<\/li>\n<\/ul>\n<p>Wykonuj\u0105c zabieg radiofrekwencji, nie tylko stymulujemy produkcj\u0119 nowych w\u0142\u00f3kien kolagenowych, a istniej\u0105ce ju\u017c w sk\u00f3rze w\u0142\u00f3kna obkurczaj\u0105 si\u0119. Osi\u0105gamy wyg\u0142adzenie sk\u00f3ry, popraw\u0119 owalu twarzy oraz zmniejszenie widoczno\u015bci zmarszczek. Sk\u00f3ra jest od\u015bwie\u017cona i nabiera zdrowego wygl\u0105du. Podczas zabiegu radiofrekwencji wykorzystuje si\u0119 zjawisko podgrzewania tkanek do temperatury oko\u0142o 40-45 stopni Celsjusza. Ciep\u0142o generowane w sk\u00f3rze powoduje skr\u00f3cenie i zag\u0119szczenie kolagenu oraz stymuluje fibroblasty do produkcji nowego kolagenu i elastyny. W konsekwencji ciep\u0142a nast\u0119puje rozszerzenie naczy\u0144 krwiono\u015bnych, co poprawia dotlenienie, od\u017cywienie sk\u00f3ry oraz jej metabolizm.<\/p>\n<ul>\n<li>Czy RF boli?<\/li>\n<\/ul>\n<p>Podczas zabiegu radiofrekwencji mo\u017ce wyst\u0105pi\u0107 pewne uczucie dyskomfortu lub delikatnego pieczenia. Intensywno\u015b\u0107 tego dyskomfortu mo\u017ce si\u0119 r\u00f3\u017cni\u0107 w zale\u017cno\u015bci od indywidualnej wra\u017cliwo\u015bci pacjenta, urz\u0105dzenia u\u017cywanego przez specjalist\u0119 oraz ustawie\u0144 energii aplikowanej na sk\u00f3r\u0119. Jednak wi\u0119kszo\u015b\u0107 pacjent\u00f3w opisuje doznania podczas zabiegu jako \u0142agodne i dobrze tolerowane. Mo\u017ce wyst\u0105pi\u0107 uczucie ciep\u0142a.<\/p>\n<ul>\n<li>\n<div class=\"JlqpRe\"><span class=\"JCzEY ZwRhJd\"><span class=\"CSkcDe\">Ile zabieg\u00f3w RF?<\/span><\/span><\/div>\n<div class=\"aj35ze\">Najcz\u0119\u015bciej przeprowadza si\u0119 od 5 do 10 zabieg\u00f3w. Pierwsze efekty mo\u017cna zauwa\u017cy\u0107 ju\u017c po pierwszym zabiegu, ale optymalne rezultaty s\u0105 widoczne oko\u0142o 2-3 tygodnie po zako\u0144czeniu ca\u0142ej serii zabieg\u00f3w. Chc\u0105c utrzyma\u0107 na d\u0142u\u017cej efekty, zaleca si\u0119 powtarzanie zabiegu co 2 miesi\u0105ce.<\/div>\n<\/li>\n<\/ul>\n<p>[su_button url=&#8221;https:\/\/instytut27.booksy.com&#8221; target=&#8221;blank&#8221; background=&#8221;#FFA500&#8243; style=&#8221;soft&#8221; size=&#8221;4&#8243; radius=&#8221;round&#8221; text_shadow=&#8221;1px 1px 1px #000000&#8243; rel=&#8221;nofollow&#8221;]Rezerwacja online[\/su_button]<\/p>\n<p>Tel.: 505 455 777<\/p>\n<p>&nbsp;<\/p>\n","protected":false},"excerpt":{"rendered":"<p>Fale Radiowe RF &#8211; Lifting Bez Skalpela &nbsp; Na czym polega dobroczynne dzia\u0142anie fal radiowych na struktur\u0119 sk\u00f3ry? Wsp\u00f3\u0142czesna kosmetologia wykorzystuje w\u0142a\u015bciwo\u015bci fal radiowych w walce o pi\u0119kny wygl\u0105d. Fale radiowe w kosmetyce pozwalaj\u0105 na wykonywanie liftingu sk\u00f3ry, twarzy, szyi i dekoltu bez u\u017cycia skalpela. Zabiegi nie tylko niweluj\u0105 efekty starzenia, ale dzia\u0142aj\u0105 r\u00f3wnie\u017c zapobiegawczo [&hellip;]<\/p>\n","protected":false},"author":6,"featured_media":596,"parent":113,"menu_order":0,"comment_status":"open","ping_status":"open","template":"","meta":{"_uf_show_specific_survey":0,"_uf_disable_surveys":false,"__cvm_playback_settings":[],"__cvm_video_id":"","_glsr_average":0,"_glsr_ranking":0,"_glsr_reviews":0,"footnotes":""},"class_list":["post-577","page","type-page","status-publish","has-post-thumbnail","czr-hentry"],"aioseo_notices":[],"_links":{"self":[{"href":"https:\/\/salon-urody.wroclaw.pl\/index.php\/wp-json\/wp\/v2\/pages\/577","targetHints":{"allow":["GET"]}}],"collection":[{"href":"https:\/\/salon-urody.wroclaw.pl\/index.php\/wp-json\/wp\/v2\/pages"}],"about":[{"href":"https:\/\/salon-urody.wroclaw.pl\/index.php\/wp-json\/wp\/v2\/types\/page"}],"author":[{"embeddable":true,"href":"https:\/\/salon-urody.wroclaw.pl\/index.php\/wp-json\/wp\/v2\/users\/6"}],"replies":[{"embeddable":true,"href":"https:\/\/salon-urody.wroclaw.pl\/index.php\/wp-json\/wp\/v2\/comments?post=577"}],"version-history":[{"count":0,"href":"https:\/\/salon-urody.wroclaw.pl\/index.php\/wp-json\/wp\/v2\/pages\/577\/revisions"}],"up":[{"embeddable":true,"href":"https:\/\/salon-urody.wroclaw.pl\/index.php\/wp-json\/wp\/v2\/pages\/113"}],"wp:featuredmedia":[{"embeddable":true,"href":"https:\/\/salon-urody.wroclaw.pl\/index.php\/wp-json\/wp\/v2\/media\/596"}],"wp:attachment":[{"href":"https:\/\/salon-urody.wroclaw.pl\/index.php\/wp-json\/wp\/v2\/media?parent=577"}],"curies":[{"name":"wp","href":"https:\/\/api.w.org\/{rel}","templated":true}]}}