{"id":2680,"date":"2019-09-02T12:07:36","date_gmt":"2019-09-02T10:07:36","guid":{"rendered":"http:\/\/salon-urody.wroclaw.pl\/?page_id=2680"},"modified":"2019-09-02T12:07:36","modified_gmt":"2019-09-02T10:07:36","slug":"szkolenie-z-mikroiglowego-rf-frakcyjnego","status":"publish","type":"page","link":"https:\/\/salon-urody.wroclaw.pl\/index.php\/szkolenia-kursy\/szkolenie-z-mikroiglowego-rf-frakcyjnego\/","title":{"rendered":"Szkolenie z mikroig\u0142owego RF frakcyjnego"},"content":{"rendered":"<p class=\"Default\">OBSZARY ZABIEGOWE: twarz, szyja, podbr\u00f3dek, blizny, rozst\u0119py, tkanka t\u0142uszczowa<\/p>\n<p class=\"Default\">LICZBA MODELEK NA SZKOLENIU: 3<\/p>\n<p>CENA: 1500 z\u0142<\/p>\n<p class=\"Default\">Szkolenie sk\u0142ada si\u0119 z cz\u0119\u015bci teoretycznej oraz cz\u0119\u015bci praktycznej. Ka\u017cde szkolenie zako\u0144czone jest wr\u0119czeniem certyfikatu oraz materia\u0142\u00f3w dydaktycznych.<\/p>\n<p class=\"Default\">CZ\u0118\u015a\u0106 TEORETYCZNA:<\/p>\n<p class=\"Default\">1. Przedstawienie technologii mikroig\u0142owego rf frakcyjnego<\/p>\n<p class=\"Default\">2. Zasada dzia\u0142ania<\/p>\n<p class=\"Default\">3. Por\u00f3wnanie z innymi technologiami<\/p>\n<p class=\"Default\">4. Wskazania do wykonania zabiegu<\/p>\n<p class=\"Default\">5. Przeciwwskazania do wykonania zabiegu<\/p>\n<p class=\"Default\">6. Dob\u00f3r parametr\u00f3w zabiegowych<\/p>\n<p class=\"Default\">7. Mo\u017cliwe reakcje sk\u00f3ry po zabiegu<\/p>\n<p class=\"Default\">8. Piel\u0119gnacja sk\u00f3ry po zabiegu<\/p>\n<p class=\"Default\">9. Cz\u0119stotliwo\u015b\u0107 wykonywania zabiegu<\/p>\n<p class=\"Default\">10. BHP<\/p>\n<p class=\"Default\">CZ\u0118\u015a\u0106 PRAKTYCZNA:<\/p>\n<p class=\"Default\">1. Przygotowanie do zabiegu<\/p>\n<p class=\"Default\">2. Pokazanie zabiegu przez szkoleniowca oraz wykonanie drugiej strony zabiegowej<\/p>\n<p class=\"Default\">3. Samodzielne wykonanie zabiegu przez kursanta<\/p>\n<p>&nbsp;<\/p>\n<p>Termin szkolenia ustalany jest indywidualnie z kursantem. Informacje o warunkach uczestnictwa w szkoleniu i dost\u0119pnych terminach mog\u0105 Pa\u0144stwo uzyska\u0107 pod numerem 505 455 777.<\/p>\n","protected":false},"excerpt":{"rendered":"<p>OBSZARY ZABIEGOWE: twarz, szyja, podbr\u00f3dek, blizny, rozst\u0119py, tkanka t\u0142uszczowa LICZBA MODELEK NA SZKOLENIU: 3 CENA: 1500 z\u0142 Szkolenie sk\u0142ada si\u0119 z cz\u0119\u015bci teoretycznej oraz cz\u0119\u015bci praktycznej. Ka\u017cde szkolenie zako\u0144czone jest wr\u0119czeniem certyfikatu oraz materia\u0142\u00f3w dydaktycznych. CZ\u0118\u015a\u0106 TEORETYCZNA: 1. Przedstawienie technologii mikroig\u0142owego rf frakcyjnego 2. Zasada dzia\u0142ania 3. Por\u00f3wnanie z innymi technologiami 4. Wskazania do wykonania [&hellip;]<\/p>\n","protected":false},"author":1,"featured_media":0,"parent":2702,"menu_order":0,"comment_status":"closed","ping_status":"closed","template":"","meta":{"_uf_show_specific_survey":0,"_uf_disable_surveys":false,"__cvm_playback_settings":[],"__cvm_video_id":"","_glsr_average":0,"_glsr_ranking":0,"_glsr_reviews":0,"footnotes":""},"class_list":["post-2680","page","type-page","status-publish","czr-hentry"],"aioseo_notices":[],"_links":{"self":[{"href":"https:\/\/salon-urody.wroclaw.pl\/index.php\/wp-json\/wp\/v2\/pages\/2680","targetHints":{"allow":["GET"]}}],"collection":[{"href":"https:\/\/salon-urody.wroclaw.pl\/index.php\/wp-json\/wp\/v2\/pages"}],"about":[{"href":"https:\/\/salon-urody.wroclaw.pl\/index.php\/wp-json\/wp\/v2\/types\/page"}],"author":[{"embeddable":true,"href":"https:\/\/salon-urody.wroclaw.pl\/index.php\/wp-json\/wp\/v2\/users\/1"}],"replies":[{"embeddable":true,"href":"https:\/\/salon-urody.wroclaw.pl\/index.php\/wp-json\/wp\/v2\/comments?post=2680"}],"version-history":[{"count":0,"href":"https:\/\/salon-urody.wroclaw.pl\/index.php\/wp-json\/wp\/v2\/pages\/2680\/revisions"}],"up":[{"embeddable":true,"href":"https:\/\/salon-urody.wroclaw.pl\/index.php\/wp-json\/wp\/v2\/pages\/2702"}],"wp:attachment":[{"href":"https:\/\/salon-urody.wroclaw.pl\/index.php\/wp-json\/wp\/v2\/media?parent=2680"}],"curies":[{"name":"wp","href":"https:\/\/api.w.org\/{rel}","templated":true}]}}