{"id":2678,"date":"2019-09-02T12:07:03","date_gmt":"2019-09-02T10:07:03","guid":{"rendered":"http:\/\/salon-urody.wroclaw.pl\/?page_id=2678"},"modified":"2024-04-29T11:28:11","modified_gmt":"2024-04-29T09:28:11","slug":"szkolenie-z-mezoterapii-mikroiglowej-dermapen","status":"publish","type":"page","link":"https:\/\/salon-urody.wroclaw.pl\/index.php\/szkolenia-kursy\/szkolenie-z-mezoterapii-mikroiglowej-dermapen\/","title":{"rendered":"Szkolenie z mezoterapii mikroig\u0142owej &#8211; Dermapen"},"content":{"rendered":"<p class=\"Default\">OBSZARY ZABIEGOWE: twarz, szyja, dekolt<\/p>\n<p class=\"Default\">LICZBA MODELEK NA SZKOLENIU: 3<\/p>\n<p>CENA: 800z\u0142<\/p>\n<p class=\"Default\">Szkolenie sk\u0142ada si\u0119 z cz\u0119\u015bci teoretycznej oraz cz\u0119\u015bci praktycznej. Ka\u017cde szkolenie zako\u0144czone jest wr\u0119czeniem certyfikatu oraz materia\u0142\u00f3w dydaktycznych.<\/p>\n<p class=\"Default\">CZ\u0118\u015a\u0106 TEORETYCZNA ( 1h )<\/p>\n<p class=\"Default\">1. Om\u00f3wienie mezoterapii mikroig\u0142owej oraz metod jej wykonywania<\/p>\n<p class=\"Default\">2. Om\u00f3wienie najcz\u0119\u015bciej stosowanych preparat\u00f3w do zabiegu<\/p>\n<p class=\"Default\">3. <span lang=\"EN-US\">Wskazania do wykonania zabiegu<\/span><\/p>\n<p class=\"Default\">4. <span lang=\"EN-US\">Przeciwwskazania do zabiegu<\/span><\/p>\n<p class=\"Default\">5. <span lang=\"EN-US\">Om\u00f3wienie <\/span>formularza \u015bwiadomej zgody<\/p>\n<p class=\"Default\">6. <span lang=\"EN-US\">Procedura zabiegowa<\/span><\/p>\n<p class=\"Default\">7. Reakcje sk\u00f3ry po zabiegu<\/p>\n<p class=\"Default\">8. <span lang=\"EN-US\">Mo\u017cliwe powik\u0142ania po zabiegu<\/span><\/p>\n<p class=\"Default\">9. <span lang=\"EN-US\">Zalecenia po zabiegu dla klienta<\/span><\/p>\n<p class=\"Default\">10. BHP oraz kwestie prawne<\/p>\n<p class=\"Default\"><span lang=\"EN-US\">CZ\u0118\u015a\u0106 PRAKTYCZNA ( 4<\/span>h<span lang=\"EN-US\"> )<\/span><\/p>\n<p class=\"Default\">1. <span lang=\"EN-US\">Przygotowanie do zabiegu<\/span><\/p>\n<p class=\"Default\">2. Wykonanie zabiegu na modelkach<\/p>\n<p class=\"Default\">3. Samodzielne wykonanie zabiegu w celu sprawdzenia nabytych umiej\u0119tno\u015bci<\/p>\n<p>&nbsp;<\/p>\n<p>Termin szkolenia ustalany jest indywidualnie z kursantem. Informacje o warunkach uczestnictwa w szkoleniu i dost\u0119pnych terminach mog\u0105 Pa\u0144stwo uzyska\u0107 pod numerem 505 455 777.<\/p>\n","protected":false},"excerpt":{"rendered":"<p>OBSZARY ZABIEGOWE: twarz, szyja, dekolt LICZBA MODELEK NA SZKOLENIU: 3 CENA: 800z\u0142 Szkolenie sk\u0142ada si\u0119 z cz\u0119\u015bci teoretycznej oraz cz\u0119\u015bci praktycznej. Ka\u017cde szkolenie zako\u0144czone jest wr\u0119czeniem certyfikatu oraz materia\u0142\u00f3w dydaktycznych. CZ\u0118\u015a\u0106 TEORETYCZNA ( 1h ) 1. Om\u00f3wienie mezoterapii mikroig\u0142owej oraz metod jej wykonywania 2. Om\u00f3wienie najcz\u0119\u015bciej stosowanych preparat\u00f3w do zabiegu 3. Wskazania do wykonania zabiegu [&hellip;]<\/p>\n","protected":false},"author":1,"featured_media":0,"parent":2702,"menu_order":0,"comment_status":"closed","ping_status":"closed","template":"","meta":{"_uf_show_specific_survey":0,"_uf_disable_surveys":false,"__cvm_playback_settings":[],"__cvm_video_id":"","_glsr_average":0,"_glsr_ranking":0,"_glsr_reviews":0,"footnotes":""},"class_list":["post-2678","page","type-page","status-publish","czr-hentry"],"aioseo_notices":[],"_links":{"self":[{"href":"https:\/\/salon-urody.wroclaw.pl\/index.php\/wp-json\/wp\/v2\/pages\/2678","targetHints":{"allow":["GET"]}}],"collection":[{"href":"https:\/\/salon-urody.wroclaw.pl\/index.php\/wp-json\/wp\/v2\/pages"}],"about":[{"href":"https:\/\/salon-urody.wroclaw.pl\/index.php\/wp-json\/wp\/v2\/types\/page"}],"author":[{"embeddable":true,"href":"https:\/\/salon-urody.wroclaw.pl\/index.php\/wp-json\/wp\/v2\/users\/1"}],"replies":[{"embeddable":true,"href":"https:\/\/salon-urody.wroclaw.pl\/index.php\/wp-json\/wp\/v2\/comments?post=2678"}],"version-history":[{"count":0,"href":"https:\/\/salon-urody.wroclaw.pl\/index.php\/wp-json\/wp\/v2\/pages\/2678\/revisions"}],"up":[{"embeddable":true,"href":"https:\/\/salon-urody.wroclaw.pl\/index.php\/wp-json\/wp\/v2\/pages\/2702"}],"wp:attachment":[{"href":"https:\/\/salon-urody.wroclaw.pl\/index.php\/wp-json\/wp\/v2\/media?parent=2678"}],"curies":[{"name":"wp","href":"https:\/\/api.w.org\/{rel}","templated":true}]}}