{"id":2508,"date":"2018-07-13T13:52:40","date_gmt":"2018-07-13T11:52:40","guid":{"rendered":"http:\/\/salon-urody.wroclaw.pl\/?page_id=2508"},"modified":"2023-09-25T12:53:22","modified_gmt":"2023-09-25T10:53:22","slug":"hl-perfect-time","status":"publish","type":"page","link":"https:\/\/salon-urody.wroclaw.pl\/index.php\/pielegnacja-twarzy\/hl-perfect-time\/","title":{"rendered":"HL Perfect Time"},"content":{"rendered":"<h3 style=\"text-align: center;\"><strong style=\"color: #cc3399;\">Zabieg Perfect Time izraelskiej firmy HL<\/strong><\/h3>\n<p><img decoding=\"async\" class=\"alignright wp-image-3355 size-full lazyload\" data-src=\"https:\/\/salon-urody.wroclaw.pl\/wp-content\/uploads\/2023\/04\/new.jpg\" alt=\"Oczyszczanie twarzy_Wroc\u0142aw\" width=\"640\" height=\"426\" src=\"data:image\/svg+xml;base64,PHN2ZyB3aWR0aD0iMSIgaGVpZ2h0PSIxIiB4bWxucz0iaHR0cDovL3d3dy53My5vcmcvMjAwMC9zdmciPjwvc3ZnPg==\" style=\"--smush-placeholder-width: 640px; --smush-placeholder-aspect-ratio: 640\/426;\" \/><\/p>\n<p>&nbsp;<\/p>\n<p>Terapia dla <a href=\"https:\/\/salon-urody.wroclaw.pl\/index.php\/pielegnacja-twarzy\/\">cery pozbawionej j\u0119drno\u015bci<\/a>, wiotkiej, pozbawionej blasku. Mo\u017ce by\u0107 tak\u017ce stosowany jako zabieg bankietowy o ka\u017cdej porze roku. Rytua\u0142 opiera si\u0119 na zastosowaniu kosmetyk\u00f3w bogatych w lipo \u2013 peptydy, amino-kwasy, fito-estrogeny oraz intensywnie wyci\u0105gi ro\u015blinne. Dzi\u0119ki budowie liposomowej sk\u0142adniki te maj\u0105 zdolno\u015b\u0107 wnikania do g\u0142\u0119bszych warstw sk\u00f3ry gdzie dopiero s\u0105 uwalniane.<\/p>\n<ul>\n<li>Przygotowaniem do zabiegu jest demakija\u017c oraz po\u0142\u0105czona z ciep\u0142ym kompresem eksfoliacja preparatem z <strong style=\"color: #ff8c00;\">MULTIFRUIT COMPLEX<\/strong> \u2013 specjalnej mieszanki kwasowej pozyskiwanej w procesie ekstrakcji takich ro\u015blin jak np. <span style=\"color: #808080;\"><strong>bor\u00f3wka, trzcina cukrowa, cytryna, zielona herbata, winogrono<\/strong><\/span>, a tak\u017ce preparatem zawieraj\u0105cym <span style=\"color: #808080;\"><strong>kwas mlekowy i hydrolizowane proteiny mleczne.<\/strong><\/span> Substancje te wykazuj\u0105 dzia\u0142anie przeciwutleniaj\u0105ce i rozja\u015bniaj\u0105ce, pobudzaj\u0105 mikro-kr\u0105\u017cenie sk\u00f3ry, powoduj\u0105c jej lepsze dotlenienie, od\u017cywienie, przyspieszenie wch\u0142aniania substancji u\u017cytych w zabiegu, wzmagaj\u0105c tym samym procesy wytwarzania kolagenu i elastyny w sk\u00f3rze w\u0142a\u015bciwej, a tak\u017ce zwi\u0119kszaj\u0105c obj\u0119to\u015b\u0107 podsk\u00f3rnej tkanki t\u0142uszczowej i \u201ewypychaj\u0105c\u201d zmarszczki od wewn\u0105trz.<\/li>\n<\/ul>\n<p>&nbsp;<\/p>\n<ul>\n<li>Nast\u0119pnym krokiem jest masa\u017c poprzedzony aplikacj\u0105 intensywnie liftuj\u0105cego serum zawieraj\u0105cego:<\/li>\n<\/ul>\n<p>&#8211; kompleks peptydowy,<\/p>\n<p>&#8211; <span style=\"color: #808080;\"><strong>PULLAN<\/strong><\/span> \u2013 unikalny sk\u0142adnik pozyskiwany z grzyb\u00f3w dzia\u0142aj\u0105cy silnie nawil\u017caj\u0105co i zatrzymuj\u0105cy wod\u0119 w sk\u00f3rze,<\/p>\n<p>&#8211; ekstrakt z <span style=\"color: #808080;\"><strong>W\u0105krotki azjatyckiej<\/strong><\/span> o dzia\u0142aniu przeciw &#8211; starzeniowym,<\/p>\n<p>&#8211; <span style=\"color: #808080;\"><strong>DNA LIFT<\/strong><\/span> \u2013 opatentowany sk\u0142adnik liftinguj\u0105cy.<\/p>\n<p>&nbsp;<\/p>\n<ul>\n<li>Kolejnym etapem jest na\u0142o\u017cenie peptydowej maski roz\u015bwietlaj\u0105cej nadaj\u0105cej sk\u00f3rze zdrowy i promienny wygl\u0105d, a zwie\u0144czenie zabiegu stanowi krem uj\u0119drniaj\u0105cy.<\/li>\n<\/ul>\n<p style=\"text-align: center;\">Sk\u00f3ra po zabiegu jest g\u0142adka, napi\u0119ta, nawil\u017cona, rozja\u015bniona. Poprawiony jest tak\u017ce kontur i elastyczno\u015b\u0107 szyi i dekoltu.<\/p>\n<p style=\"text-align: center;\">Doskona\u0142ym uzupe\u0142nieniem oraz podtrzymaniem efektu zabiegu jest dopasowana piel\u0119gnacja domowa.<\/p>\n<p>&nbsp;<\/p>\n<div id=\"attachment_3358\" style=\"width: 402px\" class=\"wp-caption aligncenter\"><img decoding=\"async\" aria-describedby=\"caption-attachment-3358\" class=\"wp-image-3358 lazyload\" data-src=\"https:\/\/salon-urody.wroclaw.pl\/wp-content\/uploads\/2023\/04\/istock-1351991562.jpg\" alt=\"\" width=\"392\" height=\"196\" src=\"data:image\/svg+xml;base64,PHN2ZyB3aWR0aD0iMSIgaGVpZ2h0PSIxIiB4bWxucz0iaHR0cDovL3d3dy53My5vcmcvMjAwMC9zdmciPjwvc3ZnPg==\" style=\"--smush-placeholder-width: 392px; --smush-placeholder-aspect-ratio: 392\/196;\" \/><p id=\"caption-attachment-3358\" class=\"wp-caption-text\">Cena zabiegu na twarz, szyj\u0119 oraz dekolt &#8211; <strong>250 z\u0142.\u00a0<\/strong><\/p><\/div>\n<h3><span style=\"color: grey;\">Zapraszamy do rezerwacji zabieg\u00f3w <a href=\"https:\/\/instytut27.booksy.com\">online<\/a>:<\/span><\/h3>\n<p>[su_button url=&#8221;https:\/\/instytut27.booksy.com&#8221; target=&#8221;blank&#8221; background=&#8221;#FFA500&#8243; style=&#8221;soft&#8221; size=&#8221;4&#8243; radius=&#8221;round&#8221; text_shadow=&#8221;1px 1px 1px #000000&#8243; rel=&#8221;nofollow&#8221;]Rezerwacja online[\/su_button]<\/p>\n<ul>\n<li><strong>Tel.: 505 455 777<\/strong><\/li>\n<\/ul>\n<div class=\"fb-page\" data-href=\"https:\/\/www.facebook.com\/fitness.wroclaw\/?locale=pl_PL\" data-tabs=\"timeline\" data-width=\"200\" data-height=\"80\" data-small-header=\"false\" data-adapt-container-width=\"true\" data-hide-cover=\"false\" data-show-facepile=\"true\">\n<blockquote class=\"fb-xfbml-parse-ignore\" cite=\"https:\/\/www.facebook.com\/fitness.wroclaw\/?locale=pl_PL\"><p>&nbsp;<\/p><\/blockquote>\n<\/div>\n<p>&nbsp;<\/p>\n","protected":false},"excerpt":{"rendered":"<p>Zabieg Perfect Time izraelskiej firmy HL &nbsp; Terapia dla cery pozbawionej j\u0119drno\u015bci, wiotkiej, pozbawionej blasku. Mo\u017ce by\u0107 tak\u017ce stosowany jako zabieg bankietowy o ka\u017cdej porze roku. Rytua\u0142 opiera si\u0119 na zastosowaniu kosmetyk\u00f3w bogatych w lipo \u2013 peptydy, amino-kwasy, fito-estrogeny oraz intensywnie wyci\u0105gi ro\u015blinne. Dzi\u0119ki budowie liposomowej sk\u0142adniki te maj\u0105 zdolno\u015b\u0107 wnikania do g\u0142\u0119bszych warstw sk\u00f3ry [&hellip;]<\/p>\n","protected":false},"author":6,"featured_media":0,"parent":113,"menu_order":0,"comment_status":"closed","ping_status":"closed","template":"","meta":{"_uf_show_specific_survey":0,"_uf_disable_surveys":false,"__cvm_playback_settings":[],"__cvm_video_id":"","_glsr_average":0,"_glsr_ranking":0,"_glsr_reviews":0,"footnotes":""},"class_list":["post-2508","page","type-page","status-publish","czr-hentry"],"aioseo_notices":[],"_links":{"self":[{"href":"https:\/\/salon-urody.wroclaw.pl\/index.php\/wp-json\/wp\/v2\/pages\/2508","targetHints":{"allow":["GET"]}}],"collection":[{"href":"https:\/\/salon-urody.wroclaw.pl\/index.php\/wp-json\/wp\/v2\/pages"}],"about":[{"href":"https:\/\/salon-urody.wroclaw.pl\/index.php\/wp-json\/wp\/v2\/types\/page"}],"author":[{"embeddable":true,"href":"https:\/\/salon-urody.wroclaw.pl\/index.php\/wp-json\/wp\/v2\/users\/6"}],"replies":[{"embeddable":true,"href":"https:\/\/salon-urody.wroclaw.pl\/index.php\/wp-json\/wp\/v2\/comments?post=2508"}],"version-history":[{"count":0,"href":"https:\/\/salon-urody.wroclaw.pl\/index.php\/wp-json\/wp\/v2\/pages\/2508\/revisions"}],"up":[{"embeddable":true,"href":"https:\/\/salon-urody.wroclaw.pl\/index.php\/wp-json\/wp\/v2\/pages\/113"}],"wp:attachment":[{"href":"https:\/\/salon-urody.wroclaw.pl\/index.php\/wp-json\/wp\/v2\/media?parent=2508"}],"curies":[{"name":"wp","href":"https:\/\/api.w.org\/{rel}","templated":true}]}}