{"id":2505,"date":"2018-07-13T13:49:15","date_gmt":"2018-07-13T11:49:15","guid":{"rendered":"http:\/\/salon-urody.wroclaw.pl\/?page_id=2505"},"modified":"2018-07-13T13:50:58","modified_gmt":"2018-07-13T11:50:58","slug":"2505-2","status":"publish","type":"page","link":"https:\/\/salon-urody.wroclaw.pl\/index.php\/pielegnacja-twarzy\/2505-2\/","title":{"rendered":"HL Juvelast"},"content":{"rendered":"<p>Zabieg Juvelast przeznaczony jest dla os\u00f3b o sk\u00f3rze suchej, zm\u0119czonej wakacyjnym s\u0142o\u0144cem, z przebarwieniami. Preparaty u\u017cywane podczas zabiegu zawieraj\u0105 kompleks PEPTYDOWO-MIEDZIOWY oraz enzym naprawczy DNA. Kompleks ten zamkni\u0119ty jest w liposomie, kt\u00f3ry posiada zdolno\u015b\u0107 przenikania do g\u0142\u0119bszych warstw sk\u00f3ry.<\/p>\n<p>ETAP I<\/p>\n<p>Zabieg rozpoczyna si\u0119 od oczyszczenia skory twarzy, kt\u00f3re po\u0142\u0105czone jest z eksfoliacj\u0105 przy u\u017cyciu ciep\u0142ego kompresu. Preparat zawiera mieszank\u0119 kwas\u00f3w owocowych z dodatkiem kwasu mlekowego oraz protein mlecznych. Substancje te opr\u00f3cz z\u0142uszczania warstwy rogowej nask\u00f3rka, dzia\u0142aj\u0105 silnie rozja\u015bniaj\u0105co, nawil\u017caj\u0105co oraz stymuluj\u0105 procesy wytwarzania g\u0142\u00f3wnych bia\u0142ek sk\u00f3ry w\u0142a\u015bciwej \u2013 kolagenu i elastyny.<\/p>\n<p>ETAP II<\/p>\n<p>Kolejnym etapem jest aplikacja od\u017cywczego, bogatego w witaminy i antyoksydanty oraz koenzym Q10 serum. Nast\u0119pnie wykonujemy masa\u017c twarzy, po kt\u00f3rym nak\u0142adamy mask\u0119 od\u017cywcz\u0105, stymuluj\u0105c\u0105 regeneracj\u0119 i nawil\u017cenie sk\u00f3ry &#8211; z ceramidami i ekstraktami ro\u015blinnymi.<\/p>\n<p>ETAP III<\/p>\n<p>Zabieg ko\u0144czymy poprzez na\u0142o\u017cenie nawil\u017caj\u0105cego kremu.<\/p>\n<p>Po zabiegu sk\u00f3ra jest wyra\u017anie g\u0142adsza i rozja\u015bniona, widoczne jest zwi\u0119kszenie jej nawil\u017cenia i od\u017cywienia.<\/p>\n<p>Cena rytua\u0142u na twarz szyj\u0119 oraz dekolt &#8211; 250 z\u0142<\/p>\n<p><a href=\"https:\/\/instytut.versum.com\/services\/984884\">Rezerwuj tutaj.<\/a><\/p>\n","protected":false},"excerpt":{"rendered":"<p>Zabieg Juvelast przeznaczony jest dla os\u00f3b o sk\u00f3rze suchej, zm\u0119czonej wakacyjnym s\u0142o\u0144cem, z przebarwieniami. Preparaty u\u017cywane podczas zabiegu zawieraj\u0105 kompleks PEPTYDOWO-MIEDZIOWY oraz enzym naprawczy DNA. Kompleks ten zamkni\u0119ty jest w liposomie, kt\u00f3ry posiada zdolno\u015b\u0107 przenikania do g\u0142\u0119bszych warstw sk\u00f3ry. ETAP I Zabieg rozpoczyna si\u0119 od oczyszczenia skory twarzy, kt\u00f3re po\u0142\u0105czone jest z eksfoliacj\u0105 przy u\u017cyciu [&hellip;]<\/p>\n","protected":false},"author":6,"featured_media":0,"parent":113,"menu_order":0,"comment_status":"closed","ping_status":"closed","template":"","meta":{"_uf_show_specific_survey":0,"_uf_disable_surveys":false,"__cvm_playback_settings":[],"__cvm_video_id":"","_glsr_average":0,"_glsr_ranking":0,"_glsr_reviews":0,"footnotes":""},"class_list":["post-2505","page","type-page","status-publish","czr-hentry"],"aioseo_notices":[],"_links":{"self":[{"href":"https:\/\/salon-urody.wroclaw.pl\/index.php\/wp-json\/wp\/v2\/pages\/2505","targetHints":{"allow":["GET"]}}],"collection":[{"href":"https:\/\/salon-urody.wroclaw.pl\/index.php\/wp-json\/wp\/v2\/pages"}],"about":[{"href":"https:\/\/salon-urody.wroclaw.pl\/index.php\/wp-json\/wp\/v2\/types\/page"}],"author":[{"embeddable":true,"href":"https:\/\/salon-urody.wroclaw.pl\/index.php\/wp-json\/wp\/v2\/users\/6"}],"replies":[{"embeddable":true,"href":"https:\/\/salon-urody.wroclaw.pl\/index.php\/wp-json\/wp\/v2\/comments?post=2505"}],"version-history":[{"count":0,"href":"https:\/\/salon-urody.wroclaw.pl\/index.php\/wp-json\/wp\/v2\/pages\/2505\/revisions"}],"up":[{"embeddable":true,"href":"https:\/\/salon-urody.wroclaw.pl\/index.php\/wp-json\/wp\/v2\/pages\/113"}],"wp:attachment":[{"href":"https:\/\/salon-urody.wroclaw.pl\/index.php\/wp-json\/wp\/v2\/media?parent=2505"}],"curies":[{"name":"wp","href":"https:\/\/api.w.org\/{rel}","templated":true}]}}

<p>Zabieg Juvelast przeznaczony jest dla osób o skórze suchej, zmęczonej wakacyjnym słońcem, z przebarwieniami. Preparaty używane podczas zabiegu zawierają kompleks PEPTYDOWO-MIEDZIOWY oraz enzym naprawczy DNA. Kompleks ten zamknięty jest w liposomie, który posiada zdolność przenikania do głębszych warstw skóry.</p>
<p>ETAP I</p>
<p>Zabieg rozpoczyna się od oczyszczenia skory twarzy, które połączone jest z eksfoliacją przy użyciu ciepłego kompresu. Preparat zawiera mieszankę kwasów owocowych z dodatkiem kwasu mlekowego oraz protein mlecznych. Substancje te oprócz złuszczania warstwy rogowej naskórka, działają silnie rozjaśniająco, nawilżająco oraz stymulują procesy wytwarzania głównych białek skóry właściwej – kolagenu i elastyny.</p>
<p>ETAP II</p>
<p>Kolejnym etapem jest aplikacja odżywczego, bogatego w witaminy i antyoksydanty oraz koenzym Q10 serum. Następnie wykonujemy masaż twarzy, po którym nakładamy maskę odżywczą, stymulującą regenerację i nawilżenie skóry &#8211; z ceramidami i ekstraktami roślinnymi.</p>
<p>ETAP III</p>
<p>Zabieg kończymy poprzez nałożenie nawilżającego kremu.</p>
<p>Po zabiegu skóra jest wyraźnie gładsza i rozjaśniona, widoczne jest zwiększenie jej nawilżenia i odżywienia.</p>
<p>Cena rytuału na twarz szyję oraz dekolt &#8211; 250 zł</p>
<p><a href="https://instytut.versum.com/services/984884">Rezerwuj tutaj.</a></p>

<p>Zabieg Juvelast przeznaczony jest dla osób o skórze suchej, zmęczonej wakacyjnym słońcem, z przebarwieniami. Preparaty używane podczas zabiegu zawierają kompleks PEPTYDOWO-MIEDZIOWY oraz enzym naprawczy DNA. Kompleks ten zamknięty jest w liposomie, który posiada zdolność przenikania do głębszych warstw skóry. ETAP I Zabieg rozpoczyna się od oczyszczenia skory twarzy, które połączone jest z eksfoliacją przy użyciu [&hellip;]</p>
