{"id":2382,"date":"2017-11-15T19:25:29","date_gmt":"2017-11-15T18:25:29","guid":{"rendered":"http:\/\/salon-urody.wroclaw.pl\/?page_id=2382"},"modified":"2019-06-25T15:55:46","modified_gmt":"2019-06-25T13:55:46","slug":"mezoterapia-iglowa-rewitalizacja-skory","status":"publish","type":"page","link":"https:\/\/salon-urody.wroclaw.pl\/index.php\/medycyna-estetyczna\/mezoterapia-iglowa-rewitalizacja-skory\/","title":{"rendered":"Mezoterapia ig\u0142owa &#8211; rewitalizacja sk\u00f3ry"},"content":{"rendered":"<p>MEZOTERAPIA IG\u0141OWA<\/p>\n<p><span style=\"font-size: small;\">Mezoterapia ig\u0142owa jest niechirurgicznym zabiegiem stosowanym do regeneracji, odm\u0142odzenia oraz od\u017cywienia sk\u00f3ry, wykorzystuj\u0105ca dwa mechanizmy dzia\u0142ania. Pierwszy z nich opiera si\u0119 na dzia\u0142aniu substancji, kt\u00f3ra jest wstrzykiwana. Drugi natomiast wykorzystuje uraz powsta\u0142y po wk\u0142uciu jako naturaln\u0105 odpowied\u017a organizmu do stymulacji kom\u00f3rek i proces\u00f3w naprawczych w sk\u00f3rze oraz nask\u00f3rku.<\/span><\/p>\n<p><span style=\"font-size: small;\">Zabieg polega na dostarczeniu \u015br\u00f3dsk\u00f3rnie ( do poziomu sk\u00f3ry w\u0142a\u015bciwej ) sk\u0142adnik\u00f3w aktywnych, kt\u00f3re poprawiaj\u0105 mikrokr\u0105\u017cenie w tkance. <\/span><span style=\"font-size: small;\">W zale\u017cno\u015bci od wybranego preparatu, mo\u017cemy osi\u0105gn\u0105\u0107 efekty takie jak:<\/span><\/p>\n<ul>\n<li><span style=\"font-size: small;\">poprawa g\u0119sto\u015bci i napi\u0119cia sk\u00f3ry<\/span><\/li>\n<li><span style=\"font-size: small;\">zwi\u0119kszenie elastyczno\u015bci<\/span><\/li>\n<li><span style=\"font-size: small;\">redukcja \u201ekurzych \u0142apek\u201d i zasinie\u0144<\/span><\/li>\n<li><span style=\"font-size: small;\">poprawa owalu twarzy<\/span><\/li>\n<li><span style=\"font-size: small;\">wzrost nawil\u017cenia<\/span><\/li>\n<li><span style=\"font-size: small;\">sp\u0142ycenie zmarszczek<\/span><\/li>\n<li><span style=\"font-size: small;\">sp\u0142ycenie blizn potr\u0105dzikowych<\/span><\/li>\n<li><span style=\"font-size: small;\">roz\u015bwietlenie cery<\/span><\/li>\n<\/ul>\n<p><span style=\"font-size: small;\">Dzi\u0119ki bardzo szerokiej gamie preparat\u00f3w do mezoterapii ig\u0142owej dost\u0119pnych na rynku, jeste\u015bmy w stanie opracowa\u0107 podczas zabiegu praktycznie ka\u017cdy problem z jakim zg\u0142osi si\u0119 do nas klientka. Wa\u017cne, \u017ceby do zabiegu dobiera\u0107 jedynie produkty sprawdzone, pochodz\u0105ce z bezpiecznego \u017ar\u00f3d\u0142a, aby unikn\u0105\u0107 niechcianych powik\u0142a\u0144 podczas i po zabiegu.<\/span><\/p>\n<p><span style=\"font-size: small;\">Niew\u0105tpliwie do najcz\u0119\u015bciej stosowanych preparat\u00f3w u\u017cywanych do mezoterapii ig\u0142owej jest nieusieciowany kwas hialuronowy. Jest to zwi\u0105zek naturalnie wyst\u0119puj\u0105cy w organizmie ludzkim, odpowiada przede wszystkim za wi\u0105zanie wody w sk\u00f3rze w\u0142a\u015bciwej, co przek\u0142ada si\u0119 na poziom jej nawil\u017cenia. Wraz z up\u0142ywem lat, ilo\u015b\u0107 kwasu hialuronowego w sk\u00f3rze zaczyna male\u0107, przez co traci ona zdolno\u015b\u0107 wi\u0105zania wody a co za tym idzie \u2013 staje si\u0119 bardziej podatna na powstawanie zmarszczek oraz pierwszych oznak starzenia.<\/span><\/p>\n<p><span style=\"font-size: small;\">Do zabiegu u\u017cywa si\u0119 r\u00f3wnie\u017c mieszanin r\u00f3\u017cnych sk\u0142adnik\u00f3w aktywnych: najcz\u0119\u015bciej jest to wspomniany ju\u017c kwas hialuronowy z dodatkiem specjalnego sk\u0142adnika do walki z danym problemem sk\u00f3rnym. <\/span><\/p>\n<p><span style=\"font-size: small;\">Du\u017c\u0105 popularno\u015bci\u0105 ciesz\u0105 si\u0119 koktajle z dodatkiem liftinguj\u0105cego kompleksu DMAE \u2013 s\u0105 idealne dla sk\u00f3r pozbawionych j\u0119drno\u015bci i napi\u0119cia. Dla os\u00f3b zmagaj\u0105cych si\u0119 z licznymi przebarwieniami i sk\u00f3r\u0105 naczyniow\u0105, mamy przygotowane produkty z Witamin\u0105 C \u2013 doskonale uszczelnia \u015bciany naczy\u0144, zapobiegaj\u0105c ich p\u0119kaniu.<\/span><\/p>\n<p><span style=\"font-size: small;\">Wskazania do zabiegu mezoterapii:<\/span><\/p>\n<ul>\n<li><span style=\"font-size: small;\">starzenie i fotostarzenie si\u0119 sk\u00f3ry<\/span><\/li>\n<li><span style=\"font-size: small;\">sk\u00f3ra sucha, s\u0142abo od\u017cywiona, matowa, ziemista<\/span><\/li>\n<li><span style=\"font-size: small;\">sk\u00f3ra palacza<\/span><\/li>\n<li><span style=\"font-size: small;\">wiotko\u015bci sk\u00f3rne twarzy i cia\u0142a<\/span><\/li>\n<li><span style=\"font-size: small;\">cellulit<\/span><\/li>\n<li><span style=\"font-size: small;\">blizny<\/span><\/li>\n<li><span style=\"font-size: small;\">rozst\u0119py<\/span><\/li>\n<li><span style=\"font-size: small;\">redukcja tkanki t\u0142uszczowej ( lipoliza iniekcyjna )<\/span><\/li>\n<li><span style=\"font-size: small;\">sk\u00f3ra g\u0142owy &#8211; pobudzenie wzrostu w\u0142osa<\/span><\/li>\n<\/ul>\n<p><span style=\"font-size: small;\">Przeciwwskazania do zabiegu intradermoterapii:<\/span><\/p>\n<ul>\n<li><span style=\"font-size: small;\">ci\u0105\u017ca oraz karmienie piersi\u0105<\/span><\/li>\n<li><span style=\"font-size: small;\">alergie na sk\u0142adniki aktywne w preparatach<\/span><\/li>\n<li><span style=\"font-size: small;\">cukrzyca<\/span><\/li>\n<li><span style=\"font-size: small;\">choroby autoimmunologiczne<\/span><\/li>\n<li><span style=\"font-size: small;\">stany zapalne sk\u00f3ry<\/span><\/li>\n<li><span style=\"font-size: small;\">opryszczka<\/span><\/li>\n<li><span style=\"font-size: small;\">nowotwory<\/span><\/li>\n<li><span style=\"font-size: small;\">zaburzenia krzepni\u0119cia krwi<\/span><\/li>\n<li><span style=\"font-size: small;\">przyjmowanie lek\u00f3w rozrzedzaj\u0105cych krew<\/span><\/li>\n<\/ul>\n<p><span style=\"font-size: small;\">Efekty po mezoterapii ig\u0142owej widoczne s\u0105 ju\u017c po pierwszym zabiegu, jednak dla uzyskania najlepszych mo\u017cliwych efekt\u00f3w, zaleca si\u0119 wykonanie zabiegu w serii z zachowaniem 3 tygodniowego odst\u0119pu mi\u0119dzy zabiegami.<\/span><\/p>\n<p><span style=\"font-size: small;\">Ostateczny efekt zabiegowy uzale\u017cniony jest od stanu wyj\u015bciowego sk\u00f3ry klientki oraz jej osobistych zdolno\u015bci do regeneracji.<\/span><\/p>\n","protected":false},"excerpt":{"rendered":"<p>MEZOTERAPIA IG\u0141OWA Mezoterapia ig\u0142owa jest niechirurgicznym zabiegiem stosowanym do regeneracji, odm\u0142odzenia oraz od\u017cywienia sk\u00f3ry, wykorzystuj\u0105ca dwa mechanizmy dzia\u0142ania. Pierwszy z nich opiera si\u0119 na dzia\u0142aniu substancji, kt\u00f3ra jest wstrzykiwana. Drugi natomiast wykorzystuje uraz powsta\u0142y po wk\u0142uciu jako naturaln\u0105 odpowied\u017a organizmu do stymulacji kom\u00f3rek i proces\u00f3w naprawczych w sk\u00f3rze oraz nask\u00f3rku. Zabieg polega na dostarczeniu \u015br\u00f3dsk\u00f3rnie [&hellip;]<\/p>\n","protected":false},"author":6,"featured_media":0,"parent":2357,"menu_order":0,"comment_status":"closed","ping_status":"closed","template":"","meta":{"_uf_show_specific_survey":0,"_uf_disable_surveys":false,"__cvm_playback_settings":[],"__cvm_video_id":"","_glsr_average":0,"_glsr_ranking":0,"_glsr_reviews":0,"footnotes":""},"class_list":["post-2382","page","type-page","status-publish","czr-hentry"],"aioseo_notices":[],"_links":{"self":[{"href":"https:\/\/salon-urody.wroclaw.pl\/index.php\/wp-json\/wp\/v2\/pages\/2382","targetHints":{"allow":["GET"]}}],"collection":[{"href":"https:\/\/salon-urody.wroclaw.pl\/index.php\/wp-json\/wp\/v2\/pages"}],"about":[{"href":"https:\/\/salon-urody.wroclaw.pl\/index.php\/wp-json\/wp\/v2\/types\/page"}],"author":[{"embeddable":true,"href":"https:\/\/salon-urody.wroclaw.pl\/index.php\/wp-json\/wp\/v2\/users\/6"}],"replies":[{"embeddable":true,"href":"https:\/\/salon-urody.wroclaw.pl\/index.php\/wp-json\/wp\/v2\/comments?post=2382"}],"version-history":[{"count":0,"href":"https:\/\/salon-urody.wroclaw.pl\/index.php\/wp-json\/wp\/v2\/pages\/2382\/revisions"}],"up":[{"embeddable":true,"href":"https:\/\/salon-urody.wroclaw.pl\/index.php\/wp-json\/wp\/v2\/pages\/2357"}],"wp:attachment":[{"href":"https:\/\/salon-urody.wroclaw.pl\/index.php\/wp-json\/wp\/v2\/media?parent=2382"}],"curies":[{"name":"wp","href":"https:\/\/api.w.org\/{rel}","templated":true}]}}