{"id":2295,"date":"2017-10-03T11:44:39","date_gmt":"2017-10-03T09:44:39","guid":{"rendered":"http:\/\/salon-urody.wroclaw.pl\/?page_id=2295"},"modified":"2023-06-16T17:06:15","modified_gmt":"2023-06-16T15:06:15","slug":"zluszczanie-mechaniczne","status":"publish","type":"page","link":"https:\/\/salon-urody.wroclaw.pl\/index.php\/pielegnacja-twarzy\/zluszczanie-mechaniczne\/","title":{"rendered":"Eksfoliacje &#8211; peelingi mechaniczne"},"content":{"rendered":"<h2>Eksfoliacje<\/h2>\n<p style=\"text-align: center;\">W zwi\u0105zku ze zmieniaj\u0105cymi si\u0119 porami roku, powinni\u015bmy odpowiednio dba\u0107 o nasza sk\u00f3r\u0119 i dopasowa\u0107 do niej w\u0142a\u015bciw\u0105 piel\u0119gnacj\u0119. Jednym z najistotniejszych etap\u00f3w w piel\u0119gnacji s\u0105 zabiegi z\u0142uszczaj\u0105ce.<\/p>\n<h3><strong><em>Dlaczego eksfoliacja jest tak wa\u017cna i na czym dok\u0142adnie polega?<\/em><\/strong><\/h3>\n<p><img decoding=\"async\" class=\"size-medium wp-image-2984 alignright lazyload\" data-src=\"https:\/\/salon-urody.wroclaw.pl\/wp-content\/uploads\/2022\/10\/54862590_xxl-300x200.jpg\" alt=\"\" width=\"300\" height=\"200\" data-srcset=\"https:\/\/salon-urody.wroclaw.pl\/wp-content\/uploads\/2022\/10\/54862590_xxl-300x200.jpg 300w, https:\/\/salon-urody.wroclaw.pl\/wp-content\/uploads\/2022\/10\/54862590_xxl-1024x683.jpg 1024w, https:\/\/salon-urody.wroclaw.pl\/wp-content\/uploads\/2022\/10\/54862590_xxl-150x100.jpg 150w, https:\/\/salon-urody.wroclaw.pl\/wp-content\/uploads\/2022\/10\/54862590_xxl-768x512.jpg 768w, https:\/\/salon-urody.wroclaw.pl\/wp-content\/uploads\/2022\/10\/54862590_xxl-1536x1024.jpg 1536w, https:\/\/salon-urody.wroclaw.pl\/wp-content\/uploads\/2022\/10\/54862590_xxl-2048x1365.jpg 2048w\" data-sizes=\"(max-width: 300px) 100vw, 300px\" src=\"data:image\/svg+xml;base64,PHN2ZyB3aWR0aD0iMSIgaGVpZ2h0PSIxIiB4bWxucz0iaHR0cDovL3d3dy53My5vcmcvMjAwMC9zdmciPjwvc3ZnPg==\" style=\"--smush-placeholder-width: 300px; --smush-placeholder-aspect-ratio: 300\/200;\" \/><\/p>\n<p>Zabiegi te bazuj\u0105 na usuni\u0119ciu martwych kom\u00f3rek, warstwy rogowej nask\u00f3rka.\u00a0 Uj\u015bcia mieszk\u00f3w w\u0142osowych zostaj\u0105 otwarte, przez co substancje aktywne kosmetyk\u00f3w dostaj\u0105 si\u0119 do g\u0142\u0119bszych warstw sk\u00f3ry i dzia\u0142aj\u0105 efektywniej. Pobudzone zostaj\u0105 fibroblasty do syntezy kolagenu i elastyny. Cera wyra\u017anie ulega poprawie. Zw\u0119\u017caj\u0105 si\u0119 pory, a sk\u00f3ra staje si\u0119 promienna i napi\u0119ta. Odpowiednio dobrany zabieg pozwoli nam pozby\u0107 si\u0119 tak uporczywych problem\u00f3w jak przebarwienia, rozszerzone pory, zmarszczki mimiczne czy te\u017c blizny tr\u0105dzikowe.<\/p>\n<p>W naszym gabinecie dost\u0119pne s\u0105 r\u00f3\u017cne r\u00f3\u017cne rodzaje eksfoliacji, poczynaj\u0105c od podstawowych takich jak <strong>peelingi ziarniste<\/strong>, poprzez klasyczne metody uniwersalne, takie jak <strong>peeling kawitacyjny<\/strong> czy<strong> mikrodermabrazja<\/strong> oraz bardziej kompleksowe &#8211; \u0142\u0105cz\u0105ce z\u0142uszczanie i nawil\u017caniem, czego idealnym przyk\u0142adem jest <strong>oksybrazja<\/strong>, zwana inaczej peelingiem wodno-tlenowym lub <a href=\"https:\/\/salon-urody.wroclaw.pl\/index.php\/oczyszczanie-wodorowe\/\"><strong>oczyszczanie wodorowe.\u00a0<\/strong><\/a><\/p>\n<ul>\n<li><strong><em>Peelingi ziarniste<\/em> <\/strong>&#8211; przeznaczone dla os\u00f3b ze sk\u00f3r\u0105 t\u0142ust\u0105, grub\u0105, szorstk\u0105, z zask\u00f3rniakami. Dzia\u0142aj\u0105 powierzchownie, a usuwanie martwego nask\u00f3rka zachodzi przy pomocy zawartych w preparacie drobinek i ziarnisto\u015bci np. z pestek owoc\u00f3w. Tego typu peelingi nie wskazane s\u0105 do cer wra\u017cliwych naczyniowych, a tak\u017ce suchych.<\/li>\n<li><strong><em>Mikrodermabrazja<\/em> <\/strong>&#8211; oczyszcza sk\u00f3r\u0119 poprzez mechaniczne \u015bcieranie powierzchownych warstw nask\u00f3rka. Przy mikrodermabrazji korundowej na sk\u00f3r\u0119 oddzia\u0142uje strumie\u0144 kryszta\u0142k\u00f3w, natomiast przy diamentowej, diamentowe tarcze, kt\u00f3re dzi\u0119ki wibracjom usuwaj\u0105 martwe kom\u00f3rki nask\u00f3rka i znacznie przyczyniaj\u0105 si\u0119 do pogrubienia tej warstwy sk\u00f3ry oraz zniwelowania niedoskona\u0142o\u015bci,\u00a0 takich jak: rozszerzone pory, blizny tr\u0105dzikowe, czy pierwsze oznaki starzenia si\u0119 sk\u00f3ry.<\/li>\n<li><strong><em>Oxybrazja<\/em> <\/strong>&#8211; peeling tlenowo-wodny. Intensywnie nawil\u017ca i dotlenia. Jest alternatyw\u0105 mikrodermabrazji dla cery wra\u017cliwej, poniewa\u017c nie powoduje podra\u017cnie\u0144. Oczyszcza, odm\u0142adza i regeneruje sk\u00f3r\u0119. Wspaniale sprawdzi si\u0119 tak\u017ce dla cery naczyniowej, powoduj\u0105c zw\u0119\u017cenie naczynek krwiono\u015bnych i redukcj\u0119 przebarwie\u0144. Wykorzystuj\u0105c tlen podczas zabiegu jeste\u015bmy w stanie zapewni\u0107 sk\u00f3rze dotlenienie oraz zlikwidowa\u0107 bakterie beztlenowe.<\/li>\n<\/ul>\n<p>&nbsp;<\/p>\n<p><img decoding=\"async\" class=\"size-medium wp-image-2575 alignleft lazyload\" data-src=\"https:\/\/salon-urody.wroclaw.pl\/wp-content\/uploads\/2019\/01\/Instytut-Zdrowia-i-Urody-Fantastic-Body_Wroc\u0142aw-300x200.jpg\" alt=\"Fantastic_Body\" width=\"300\" height=\"200\" data-srcset=\"https:\/\/salon-urody.wroclaw.pl\/wp-content\/uploads\/2019\/01\/Instytut-Zdrowia-i-Urody-Fantastic-Body_Wroc\u0142aw-300x200.jpg 300w, https:\/\/salon-urody.wroclaw.pl\/wp-content\/uploads\/2019\/01\/Instytut-Zdrowia-i-Urody-Fantastic-Body_Wroc\u0142aw-150x100.jpg 150w, https:\/\/salon-urody.wroclaw.pl\/wp-content\/uploads\/2019\/01\/Instytut-Zdrowia-i-Urody-Fantastic-Body_Wroc\u0142aw-768x512.jpg 768w, https:\/\/salon-urody.wroclaw.pl\/wp-content\/uploads\/2019\/01\/Instytut-Zdrowia-i-Urody-Fantastic-Body_Wroc\u0142aw-1024x683.jpg 1024w\" data-sizes=\"(max-width: 300px) 100vw, 300px\" src=\"data:image\/svg+xml;base64,PHN2ZyB3aWR0aD0iMSIgaGVpZ2h0PSIxIiB4bWxucz0iaHR0cDovL3d3dy53My5vcmcvMjAwMC9zdmciPjwvc3ZnPg==\" style=\"--smush-placeholder-width: 300px; --smush-placeholder-aspect-ratio: 300\/200;\" \/><\/p>\n<p>&nbsp;<\/p>\n<p>Oferta zabieg\u00f3w z\u0142uszczaj\u0105cych jest bardzo bogata. Wykwalifikowane kosmetolog odpowiednio dobior\u0105 idealny peeling do potrzeb i problem\u00f3w naszej cery.<\/p>\n<p>&nbsp;<\/p>\n<p style=\"text-align: center;\"><strong>Zadbaj o zdrowy wygl\u0105d swojej sk\u00f3ry ju\u017c teraz!<\/strong><\/p>\n<h4><\/h4>\n<h4>Serdecznie zapraszamy do zapoznania si\u0119 z naszymi zabiegami.<\/h4>\n<p>[su_button url=&#8221;https:\/\/instytut27.booksy.com&#8221; target=&#8221;blank&#8221; background=&#8221;#9acd32&#8243; style=&#8221;soft&#8221; size=&#8221;4&#8243; radius=&#8221;round&#8221; text_shadow=&#8221;1px 1px 1px #000000&#8243; rel=&#8221;nofollow&#8221;]Rezerwacja online[\/su_button]<span style=\"line-height: 1.5;\"><\/p>\n","protected":false},"excerpt":{"rendered":"<p>Eksfoliacje W zwi\u0105zku ze zmieniaj\u0105cymi si\u0119 porami roku, powinni\u015bmy odpowiednio dba\u0107 o nasza sk\u00f3r\u0119 i dopasowa\u0107 do niej w\u0142a\u015bciw\u0105 piel\u0119gnacj\u0119. Jednym z najistotniejszych etap\u00f3w w piel\u0119gnacji s\u0105 zabiegi z\u0142uszczaj\u0105ce. Dlaczego eksfoliacja jest tak wa\u017cna i na czym dok\u0142adnie polega? Zabiegi te bazuj\u0105 na usuni\u0119ciu martwych kom\u00f3rek, warstwy rogowej nask\u00f3rka.\u00a0 Uj\u015bcia mieszk\u00f3w w\u0142osowych zostaj\u0105 otwarte, przez [&hellip;]<\/p>\n","protected":false},"author":6,"featured_media":0,"parent":113,"menu_order":0,"comment_status":"closed","ping_status":"closed","template":"","meta":{"_uf_show_specific_survey":0,"_uf_disable_surveys":false,"__cvm_playback_settings":[],"__cvm_video_id":"","_glsr_average":0,"_glsr_ranking":0,"_glsr_reviews":0,"footnotes":""},"class_list":["post-2295","page","type-page","status-publish","czr-hentry"],"aioseo_notices":[],"_links":{"self":[{"href":"https:\/\/salon-urody.wroclaw.pl\/index.php\/wp-json\/wp\/v2\/pages\/2295","targetHints":{"allow":["GET"]}}],"collection":[{"href":"https:\/\/salon-urody.wroclaw.pl\/index.php\/wp-json\/wp\/v2\/pages"}],"about":[{"href":"https:\/\/salon-urody.wroclaw.pl\/index.php\/wp-json\/wp\/v2\/types\/page"}],"author":[{"embeddable":true,"href":"https:\/\/salon-urody.wroclaw.pl\/index.php\/wp-json\/wp\/v2\/users\/6"}],"replies":[{"embeddable":true,"href":"https:\/\/salon-urody.wroclaw.pl\/index.php\/wp-json\/wp\/v2\/comments?post=2295"}],"version-history":[{"count":0,"href":"https:\/\/salon-urody.wroclaw.pl\/index.php\/wp-json\/wp\/v2\/pages\/2295\/revisions"}],"up":[{"embeddable":true,"href":"https:\/\/salon-urody.wroclaw.pl\/index.php\/wp-json\/wp\/v2\/pages\/113"}],"wp:attachment":[{"href":"https:\/\/salon-urody.wroclaw.pl\/index.php\/wp-json\/wp\/v2\/media?parent=2295"}],"curies":[{"name":"wp","href":"https:\/\/api.w.org\/{rel}","templated":true}]}}