{"id":2275,"date":"2017-10-03T10:44:11","date_gmt":"2017-10-03T08:44:11","guid":{"rendered":"http:\/\/salon-urody.wroclaw.pl\/?page_id=2275"},"modified":"2018-06-11T19:31:36","modified_gmt":"2018-06-11T17:31:36","slug":"kwasy-eksfoliacje","status":"publish","type":"page","link":"https:\/\/salon-urody.wroclaw.pl\/index.php\/pielegnacja-twarzy\/kwasy-eksfoliacje\/","title":{"rendered":"Retibrazja &#8211; SOFT PEEL"},"content":{"rendered":"<p lang=\"zxx\">Retibrazja by Rhonda Allison &#8211; SOFT PEEL<\/p>\n<p lang=\"zxx\">Zabieg przeznaczony dla ka\u017cdego rodzaju cery, g\u0142\u00f3wnie dla sk\u00f3ry z przebarwieniami, rozszerzonymi uj\u015bciami gruczo\u0142\u00f3w \u0142ojowych lub zmarszczkami. Jest to nowocze\u015bniejsza\u00a0forma zabiegu retibrazji. Retinol wzbogacony zosta\u0142 o\u00a0tr\u00f3jpeptydy\u00a0i karnityn\u0119, kt\u00f3re usuwaj\u0105 martwe kom\u00f3rki nask\u00f3rka\u00a0pozostawiaj\u0105 sk\u00f3r\u0119 nawil\u017cona i od\u017cywion\u0105.<\/p>\n<p lang=\"zxx\">ETAP I<\/p>\n<p lang=\"zxx\">OCZYSZCZENIE sk\u00f3ry \u017celem Pampkin Cleasner. Sk\u0142adniki preparatu chroni\u0105 przed wolnymi rodnikami i nadaje si\u0119 nawet dla najbardziej wra\u017cliwej sk\u00f3ry. Najskuteczniejszy jest jednak dla cery normalnej i mieszanej, a nawet sk\u00f3ry dojrza\u0142ej.<\/p>\n<ul>\n<li>\n<p lang=\"zxx\">Sk\u0142adniki aktywne:<\/p>\n<\/li>\n<li>\n<p lang=\"zxx\">Olej z pestek dyni \u2013 bogaty w witamin\u0119 A i beta-karoteny, ma w\u0142a\u015bciwo\u015bci nawil\u017caj\u0105ce i antyoksydacyjne<\/p>\n<\/li>\n<li>\n<p lang=\"zxx\">Kwas mlekowy \u2013 nawil\u017ca, delikatne z\u0142uszcza<\/p>\n<\/li>\n<li>\n<p lang=\"zxx\">D-Betakaroten \u2013 ekstrakt z marchwi dzia\u0142a antyoksydacyjne i jest naturalnym filtrem przeciws\u0142onecznym<\/p>\n<\/li>\n<\/ul>\n<p lang=\"zxx\">ETAP II<\/p>\n<p lang=\"zxx\">DERMA PEEL &#8211; zmi\u0119kcza martwe kom\u00f3rki nask\u00f3rka, sprawiaj\u0105c \u017ce sk\u00f3ra lepiej absorbuje aktywne sk\u0142adniki podczas zabiegu. Enzym ma unikalne w\u0142a\u015bciwo\u015bci rozpuszczania si\u0119, a nast\u0119pnie \u0142\u0105czenia z kom\u00f3rkami warstwy rogowej nask\u00f3rka, tworz\u0105c naturaln\u0105 ziarnist\u0105 eksfoliacj\u0119. Jego g\u0142\u00f3wn\u0105 zalet\u0105 jest wyg\u0142adzenie sk\u00f3ry. Usuwa warstw\u0119 rogow\u0105 i wspomaga wch\u0142anianie czynnik\u00f3w odm\u0142adzaj\u0105cych.<\/p>\n<p lang=\"zxx\">ETAP III<\/p>\n<p lang=\"zxx\">WST\u0118PNE Z\u0141USZCZENIE &#8211; FRUIT ACID &#8211; kwasowe przygotowanie sk\u00f3ry do dalszego etapu<\/p>\n<div id=\"attachment_2281\" style=\"width: 253px\" class=\"wp-caption alignright\"><img decoding=\"async\" aria-describedby=\"caption-attachment-2281\" class=\"size-medium wp-image-2281 lazyload\" data-src=\"http:\/\/salon-urody.wroclaw.pl\/wp-content\/uploads\/2017\/10\/Retibrazja-243x300.jpg\" alt=\"Retibrazja\" width=\"243\" height=\"300\" data-srcset=\"https:\/\/salon-urody.wroclaw.pl\/wp-content\/uploads\/2017\/10\/Retibrazja-243x300.jpg 243w, https:\/\/salon-urody.wroclaw.pl\/wp-content\/uploads\/2017\/10\/Retibrazja-121x150.jpg 121w, https:\/\/salon-urody.wroclaw.pl\/wp-content\/uploads\/2017\/10\/Retibrazja.jpg 340w\" data-sizes=\"(max-width: 243px) 100vw, 243px\" src=\"data:image\/svg+xml;base64,PHN2ZyB3aWR0aD0iMSIgaGVpZ2h0PSIxIiB4bWxucz0iaHR0cDovL3d3dy53My5vcmcvMjAwMC9zdmciPjwvc3ZnPg==\" style=\"--smush-placeholder-width: 243px; --smush-placeholder-aspect-ratio: 243\/300;\" \/><p id=\"caption-attachment-2281\" class=\"wp-caption-text\">Z\u0142uszczanie enzymatyczne<\/p><\/div>\n<p lang=\"zxx\">eksfoliacji, zwi\u0119ksza penetracj\u0119 preparat\u00f3w u\u017cywanych podczas zabiegu.<\/p>\n<p lang=\"zxx\">ETAP IV<\/p>\n<p lang=\"zxx\">INTENSYWNA REGENERACJA &#8211; H2O2 wspomaga regeneracj\u0119 sk\u00f3ry, rozja\u015bniaj\u0105c j\u0105, ma w\u0142a\u015bciwo\u015bci lecznicze na tr\u0105dzik oraz reguluje sebum.<\/p>\n<p lang=\"zxx\">Doskona\u0142y w przypadku foto &#8211; agingu czy przesuszonej sk\u00f3ry palaczy. Stymuluje przep\u0142yw krwi, dostarczaj\u0105c wi\u0119ksze ilo\u015bci tlenu do tkanek; roz\u015bwietla i wyr\u00f3wnuje koloryt sk\u00f3ry. Zmniejsza problemy pigmentacyjne.<\/p>\n<p lang=\"zxx\">ETAP V<\/p>\n<p lang=\"zxx\">REWITALIZACJA z zastosowaniem serum o wysokiej zawarto\u015bci\u0105 aktywnej witamy C wzbogacone peptydami. Wzmacnia tkank\u0119 i powoduje zwi\u0119kszenie naturalnej odbudowy kolagenu.<\/p>\n<p lang=\"zxx\">ETAP\u00a0VI<\/p>\n<p lang=\"zxx\">WITAMINOWE Z\u0141USZCZENIE. Ta cz\u0119\u015b\u0107 terapii zapewnia naturalne z\u0142uszczenie za pomoc\u0105 retinolu. Zwi\u0119ksza g\u0142adko\u015b\u0107, zmniejsza zmarszczki i nier\u00f3wny koloryt, uj\u0119drnia i tonizuj\u0119.<\/p>\n<p lang=\"zxx\">EFEKTY<\/p>\n<ul>\n<li>\n<p lang=\"zxx\">redukcja przebarwie\u0144<\/p>\n<\/li>\n<li>\n<p lang=\"zxx\">ujednolicenie kolorytu<\/p>\n<\/li>\n<li>\n<p lang=\"zxx\">sp\u0142ycenie zmarszczek<\/p>\n<\/li>\n<li>\n<p lang=\"zxx\">zwi\u0119kszenie napi\u0119cie sk\u00f3ry<\/p>\n<\/li>\n<li>\n<p lang=\"zxx\">delikatny lift twarzy<\/p>\n<\/li>\n<li>\n<p lang=\"zxx\">z\u0142uszczenie nask\u00f3rka<\/p>\n<\/li>\n<li>\n<p lang=\"zxx\">sp\u0142ycenie uj\u015b\u0107 gruczo\u0142\u00f3w \u0142ojowych<\/p>\n<\/li>\n<\/ul>\n<p>PRZECIWSKAZANIA<\/p>\n<ul>\n<li>\n<p lang=\"zxx\">ci\u0105\u017c\u0105<\/p>\n<\/li>\n<li>\n<p lang=\"zxx\">nowotwory<\/p>\n<\/li>\n<li>\n<p lang=\"zxx\">\u015bwie\u017ce blizny (do 6 tyg od powstania)<\/p>\n<\/li>\n<li>\n<p lang=\"zxx\">grzybica<\/p>\n<\/li>\n<li>\n<p lang=\"zxx\">\u0142uszczyca<\/p>\n<\/li>\n<li>\n<p lang=\"zxx\">cukrzyca<\/p>\n<\/li>\n<li>\n<p lang=\"zxx\">przerwana ci\u0105g\u0142o\u015b\u0107 nask\u00f3rka<\/p>\n<\/li>\n<li>\n<p lang=\"zxx\">uczulenie na kwas migda\u0142owy<\/p>\n<\/li>\n<li>\n<p lang=\"zxx\">aktywne infekcje wirusowe np. opryszczka<\/p>\n<\/li>\n<li>\n<p lang=\"zxx\">tr\u0105dzik aktywny<\/p>\n<\/li>\n<li>\n<p lang=\"zxx\">terapia pochodnymi wit A do 3 mies od zako\u0144czenia kuracji<\/p>\n<\/li>\n<\/ul>\n<p>&nbsp;<\/p>\n","protected":false},"excerpt":{"rendered":"<p>Retibrazja by Rhonda Allison &#8211; SOFT PEEL Zabieg przeznaczony dla ka\u017cdego rodzaju cery, g\u0142\u00f3wnie dla sk\u00f3ry z przebarwieniami, rozszerzonymi uj\u015bciami gruczo\u0142\u00f3w \u0142ojowych lub zmarszczkami. Jest to nowocze\u015bniejsza\u00a0forma zabiegu retibrazji. Retinol wzbogacony zosta\u0142 o\u00a0tr\u00f3jpeptydy\u00a0i karnityn\u0119, kt\u00f3re usuwaj\u0105 martwe kom\u00f3rki nask\u00f3rka\u00a0pozostawiaj\u0105 sk\u00f3r\u0119 nawil\u017cona i od\u017cywion\u0105. ETAP I OCZYSZCZENIE sk\u00f3ry \u017celem Pampkin Cleasner. Sk\u0142adniki preparatu chroni\u0105 przed wolnymi [&hellip;]<\/p>\n","protected":false},"author":6,"featured_media":0,"parent":113,"menu_order":0,"comment_status":"closed","ping_status":"closed","template":"","meta":{"_uf_show_specific_survey":0,"_uf_disable_surveys":false,"__cvm_playback_settings":[],"__cvm_video_id":"","_glsr_average":0,"_glsr_ranking":0,"_glsr_reviews":0,"footnotes":""},"class_list":["post-2275","page","type-page","status-publish","czr-hentry"],"aioseo_notices":[],"_links":{"self":[{"href":"https:\/\/salon-urody.wroclaw.pl\/index.php\/wp-json\/wp\/v2\/pages\/2275","targetHints":{"allow":["GET"]}}],"collection":[{"href":"https:\/\/salon-urody.wroclaw.pl\/index.php\/wp-json\/wp\/v2\/pages"}],"about":[{"href":"https:\/\/salon-urody.wroclaw.pl\/index.php\/wp-json\/wp\/v2\/types\/page"}],"author":[{"embeddable":true,"href":"https:\/\/salon-urody.wroclaw.pl\/index.php\/wp-json\/wp\/v2\/users\/6"}],"replies":[{"embeddable":true,"href":"https:\/\/salon-urody.wroclaw.pl\/index.php\/wp-json\/wp\/v2\/comments?post=2275"}],"version-history":[{"count":0,"href":"https:\/\/salon-urody.wroclaw.pl\/index.php\/wp-json\/wp\/v2\/pages\/2275\/revisions"}],"up":[{"embeddable":true,"href":"https:\/\/salon-urody.wroclaw.pl\/index.php\/wp-json\/wp\/v2\/pages\/113"}],"wp:attachment":[{"href":"https:\/\/salon-urody.wroclaw.pl\/index.php\/wp-json\/wp\/v2\/media?parent=2275"}],"curies":[{"name":"wp","href":"https:\/\/api.w.org\/{rel}","templated":true}]}}