{"id":2175,"date":"2017-03-28T14:55:58","date_gmt":"2017-03-28T12:55:58","guid":{"rendered":"http:\/\/salon-urody.wroclaw.pl\/?page_id=2175"},"modified":"2019-11-17T20:36:13","modified_gmt":"2019-11-17T19:36:13","slug":"plasma-lift","status":"publish","type":"page","link":"https:\/\/salon-urody.wroclaw.pl\/index.php\/pielegnacja-twarzy\/odzywienie-regeneracja\/plasma-lift\/","title":{"rendered":"PLASMA LIFT"},"content":{"rendered":"<p>&nbsp;<\/p>\n<p>&nbsp;<\/p>\n<h2 align=\"center\"><em><span style=\"font-family: 'Times New Roman', serif;\"><span style=\"font-size: small;\"><span style=\"color: #000000;\">P<\/span><span style=\"color: #000000;\">LASMA LIFT<\/span><\/span><\/span><\/em><\/h2>\n<p align=\"center\">Najnowsza technologicznie zaawansowana terapia inspirowana medycyn\u0105 regeneracyjn\u0105 z efektem PLASMA LIFT zawiera 2 sygna\u0142owe peptydy W3 oraz GHK-Cu, kt\u00f3re re-modeluj\u0105 sk\u00f3r\u0119 i przywracaj\u0105 jej m\u0142odo\u015b\u0107. Doskonale wzmacnia efekty profesjonalnych zabieg\u00f3w dermo &#8211; estetycznych zw\u0142aszcza z zastosowaniem mezoterapii mikro-ig\u0142owej. Poprzez wytwarzanie mikro nak\u0142u\u0107 prze\u0142amujemy barier\u0119 warstwy rogowej nask\u00f3rka, kt\u00f3rej przepuszczalno\u015b\u0107 wynosi 0,3% . W trakcie terapii<br \/>\nna twarzy powstaje oko\u0142o 250 000 mikro kanalik\u00f3w, dzi\u0119ki kt\u00f3rym aplikowane\u00a0<em style=\"color: #000000; font-family: 'Times New Roman', serif; font-size: small; text-align: -webkit-center;\"><img decoding=\"async\" class=\"wp-image-2178 alignright lazyload\" data-src=\"http:\/\/salon-urody.wroclaw.pl\/wp-content\/uploads\/2017\/03\/Plasma-LIFT-new-300x177.jpg\" alt=\"Plasma Lift\" width=\"322\" height=\"190\" data-srcset=\"https:\/\/salon-urody.wroclaw.pl\/wp-content\/uploads\/2017\/03\/Plasma-LIFT-new-300x177.jpg 300w, https:\/\/salon-urody.wroclaw.pl\/wp-content\/uploads\/2017\/03\/Plasma-LIFT-new-150x88.jpg 150w, https:\/\/salon-urody.wroclaw.pl\/wp-content\/uploads\/2017\/03\/Plasma-LIFT-new-768x452.jpg 768w, https:\/\/salon-urody.wroclaw.pl\/wp-content\/uploads\/2017\/03\/Plasma-LIFT-new-600x353.jpg 600w, https:\/\/salon-urody.wroclaw.pl\/wp-content\/uploads\/2017\/03\/Plasma-LIFT-new.jpg 880w\" data-sizes=\"(max-width: 322px) 100vw, 322px\" src=\"data:image\/svg+xml;base64,PHN2ZyB3aWR0aD0iMSIgaGVpZ2h0PSIxIiB4bWxucz0iaHR0cDovL3d3dy53My5vcmcvMjAwMC9zdmciPjwvc3ZnPg==\" style=\"--smush-placeholder-width: 322px; --smush-placeholder-aspect-ratio: 322\/190;\" \/><\/em><\/p>\n<p align=\"center\">sk\u0142adniki od\u017cywcze wnikaj\u0105 w g\u0142\u0105b sk\u00f3ry i 1000 &#8211; krotne zwi\u0119kszaj\u0105 przepuszczalno\u015b\u0107 warstwy rogowej nask\u00f3rka. PLASMA LIFT\u00a0jest\u00a0szczeg\u00f3lnie polecana jako kuracja uderzeniowa do kompleksowego i totalnego odm\u0142odzenia sk\u00f3ry dojrza\u0142ej ze zmarszczkami i photoagingiem, oraz jako kuracja zapobiegawcza procesom starzenia dla os\u00f3b 35+<\/p>\n<p align=\"center\">Peptydy sygna\u0142owe zawarte w preparacie stymuluj\u0105 sk\u00f3r\u0119 do regeneracji. Staje si\u0119 w\u00f3wczas bardziej j\u0119drna, g\u0142adsza i elastyczna. Najwi\u0119kszym atutem pr\u00f3cz kompatybilno\u015bci, dzi\u0119ki zastosowaniu skoncentrowanej dawki peptydu GHK &#8211; Cu, naturalnie wyst\u0119puj\u0105cego w naszym organizmie, jest wp\u0142yw na <span style=\"color: #808080;\"><strong>nawil\u017cenie sk\u00f3ry<\/strong><\/span> i <strong><span style=\"color: #808080;\">znaczne sp\u0142ycanie zmarszczek<\/span><\/strong>. Terapia z u\u017cyciem ampu\u0142ki PLASMA LIFT w pewnym sensie oszukuje organizm pacjenta \u2013 p\u0142ytki krwi \u201eprzesy\u0142aj\u0105\u201d informacj\u0119, \u017ce w miejscu podania preparatu jest rana. Wywo\u0142uje to podzia\u0142y kom\u00f3rek, nap\u0142yw do sk\u00f3ry kom\u00f3rek macierzystych oraz syntez\u0119 prokolagenu I, kolagenu IV, dekoryny oraz fibronektyny (sk\u0142adnik osocza niezb\u0119dny w procesie odnowy kom\u00f3rkowej), a w efekcie wyra\u017ane odm\u0142odzenie wygl\u0105du.<\/p>\n<p align=\"center\"><span style=\"color: #000000;\"><span style=\"font-family: 'Times New Roman', serif;\"><span style=\"font-size: large;\"><b>W3 Peptide <\/b><b>2%<\/b><\/span><\/span><\/span><\/p>\n<p align=\"center\"><strong><span style=\"color: #000000;\"><span style=\"font-family: 'Times New Roman', serif;\"><span style=\"font-size: small;\">Stworzony przez naukowc\u00f3w peptyd, kt\u00f3ry odpowiada dzia\u0142aniu czynnika wzrostowego &#8211; stymuluje procesy odm\u0142adzania<\/span><\/span><\/span><\/strong><\/p>\n<p align=\"center\">uruchamia kaskad\u0119 przemian prowadz\u0105cych do regeneracj<\/p>\n<p align=\"center\">i i re-modelingu sk\u00f3ry<\/p>\n<p align=\"center\">hamuje i jednocze\u015bnie odwraca procesy starzenia<\/p>\n<p align=\"center\"><span style=\"color: #000000;\"><span style=\"font-family: 'Times New Roman', serif;\"><span style=\"font-size: large;\"><b>Peptyd sygna\u0142owy <\/b><b>GHK &#8211; Cu<\/b><\/span><\/span><\/span><\/p>\n<p align=\"center\"><strong><span style=\"color: #000000;\"> <span style=\"font-family: 'Times New Roman', serif;\"><span style=\"font-size: small;\">Naturalny sk\u0142adnik naszego organizmu wykorzystywany w medycynie regeneracyjnej (wyst\u0119puje w osoczu, \u015blinie i kolagenie)<\/span><\/span><\/span><\/strong><\/p>\n<p align=\"center\">silny aktywator przebudowy tkanki<\/p>\n<p align=\"center\">naprawia i odbudowuje sk\u00f3r\u0119<\/p>\n<p align=\"center\">reaktywuje kom\u00f3rki macierzyste sk\u00f3ry, mobilizuje je do podzia\u0142\u00f3w kom\u00f3rkowych<\/p>\n<p align=\"center\">przed\u0142u\u017ca \u017cywotno\u015b\u0107 keranocyt\u00f3w i fibroblast\u00f3w<\/p>\n<p align=\"center\"><span style=\"color: #000000;\"><span style=\"font-family: 'Times New Roman', serif;\"><span style=\"font-size: large;\"><b>Olej Chia<\/b><\/span><\/span><\/span><\/p>\n<p align=\"center\">bio &#8211; olej bogaty w kwasy omega 3 i 6 oraz witamin\u0119 E<\/p>\n<p align=\"center\">dzia\u0142a anty &#8211; oksydacyjnie i przeciwzapalnie<\/p>\n<p align=\"center\">nat\u0142uszcza, nawil\u017ca i uelastycznia<\/p>\n<p align=\"center\"><span style=\"color: #000000;\"><span style=\"font-family: 'Times New Roman', serif;\"><span style=\"font-size: large;\"><b>Olej Inca InchI <\/b><b>oraz Babasu<\/b><\/span><\/span><\/span><\/p>\n<p align=\"center\">dzia\u0142aj\u0105 przeciwzmarszczkowo i poprawiaj\u0105 elastyczno\u015b\u0107<\/p>\n<p align=\"center\"><img decoding=\"async\" class=\"size-medium wp-image-2179 alignleft lazyload\" data-src=\"http:\/\/salon-urody.wroclaw.pl\/wp-content\/uploads\/2017\/03\/PRP-230x300.jpg\" alt=\"\" width=\"230\" height=\"300\" data-srcset=\"https:\/\/salon-urody.wroclaw.pl\/wp-content\/uploads\/2017\/03\/PRP-230x300.jpg 230w, https:\/\/salon-urody.wroclaw.pl\/wp-content\/uploads\/2017\/03\/PRP-115x150.jpg 115w, https:\/\/salon-urody.wroclaw.pl\/wp-content\/uploads\/2017\/03\/PRP.jpg 536w\" data-sizes=\"(max-width: 230px) 100vw, 230px\" src=\"data:image\/svg+xml;base64,PHN2ZyB3aWR0aD0iMSIgaGVpZ2h0PSIxIiB4bWxucz0iaHR0cDovL3d3dy53My5vcmcvMjAwMC9zdmciPjwvc3ZnPg==\" style=\"--smush-placeholder-width: 230px; --smush-placeholder-aspect-ratio: 230\/300;\" \/><\/p>\n<p align=\"center\"><span style=\"color: #000000;\"><span style=\"font-family: 'Times New Roman', serif;\"><span style=\"font-size: small;\">Po\u0142\u0105czenie naturalnych olejk\u00f3w daje aksamitne wyko\u0144czenie zabiegu bez obci\u0105\u017cania sk\u00f3ry.<\/span><\/span><\/span><\/p>\n<p align=\"center\"><span style=\"font-size: small;\"><span style=\"color: #000000;\"><span style=\"font-family: 'Times New Roman', serif;\">Procedur<\/span><\/span><span style=\"color: #000000;\"><span style=\"font-family: 'Times New Roman', serif;\">\u0119<\/span><\/span><span style=\"color: #000000;\"><span style=\"font-family: 'Times New Roman', serif;\"> z zastosowaniem preparatu <\/span><\/span><em><span style=\"color: #000000;\"><span style=\"font-family: 'Times New Roman', serif;\">PLASMA LIFT<\/span><\/span><\/em> <span style=\"color: #000000;\"><span style=\"font-family: 'Times New Roman', serif;\">stosuje<\/span><\/span><span style=\"color: #000000;\"><span style=\"font-family: 'Times New Roman', serif;\"> si\u0119<\/span><\/span> <span style=\"color: #000000;\"><span style=\"font-family: 'Times New Roman', serif;\">w celu <\/span><\/span><span style=\"color: #000000;\"><span style=\"font-family: 'Times New Roman', serif;\">skorygowa<\/span><\/span><span style=\"color: #000000;\"><span style=\"font-family: 'Times New Roman', serif;\">nia<\/span><\/span><span style=\"color: #000000;\"><span style=\"font-family: 'Times New Roman', serif;\"> zmarszcz<\/span><\/span><span style=\"color: #000000;\"><span style=\"font-family: 'Times New Roman', serif;\">ek<\/span><\/span><span style=\"color: #000000;\"><span style=\"font-family: 'Times New Roman', serif;\"> i fa\u0142d, a tak\u017ce zrewitalizowa<\/span><\/span><span style=\"color: #000000;\"><span style=\"font-family: 'Times New Roman', serif;\">nia<\/span><\/span><span style=\"color: #000000;\"><span style=\"font-family: 'Times New Roman', serif;\"> sk\u00f3r<\/span><\/span><span style=\"color: #000000;\"><span style=\"font-family: 'Times New Roman', serif;\">y<\/span><\/span><span style=\"color: #000000;\"><span style=\"font-family: 'Times New Roman', serif;\"> d\u0142oni, dekoltu, szyi lub twarzy.<\/span><\/span><\/span><\/p>\n<p align=\"center\"><span style=\"color: #000000;\"><span style=\"font-family: 'Times New Roman', serif;\"><span style=\"font-size: small;\">Dla osi\u0105gni\u0119cia najlepszych efekt\u00f3w zalecana jest seria minimum 3 zabieg\u00f3w wykonywanych w odst\u0119pie 2 \u2013 3 tygodni.<br \/>\n<\/span><\/span><\/span><\/p>\n<p align=\"center\"><a href=\"https:\/\/instytut.versum.com\/services\/521745\"><span style=\"color: #000000;\"><span style=\"font-family: 'Times New Roman', serif;\"><span style=\"font-size: small;\"><em>PLASMA LIFT\u00a0<\/em>(twarz+szyja+dekolt) \u2013 350 z\u0142<\/span><\/span><\/span><\/a><\/p>\n<p align=\"center\"><span style=\"color: #000000;\"><span style=\"font-family: 'Times New Roman', serif;\"><span style=\"font-size: small;\"><em>PLASMA LIFT<\/em> x 3 \u2013 900 z\u0142 <\/span><\/span><\/span><\/p>\n","protected":false},"excerpt":{"rendered":"<p>&nbsp; &nbsp; PLASMA LIFT Najnowsza technologicznie zaawansowana terapia inspirowana medycyn\u0105 regeneracyjn\u0105 z efektem PLASMA LIFT zawiera 2 sygna\u0142owe peptydy W3 oraz GHK-Cu, kt\u00f3re re-modeluj\u0105 sk\u00f3r\u0119 i przywracaj\u0105 jej m\u0142odo\u015b\u0107. Doskonale wzmacnia efekty profesjonalnych zabieg\u00f3w dermo &#8211; estetycznych zw\u0142aszcza z zastosowaniem mezoterapii mikro-ig\u0142owej. Poprzez wytwarzanie mikro nak\u0142u\u0107 prze\u0142amujemy barier\u0119 warstwy rogowej nask\u00f3rka, kt\u00f3rej przepuszczalno\u015b\u0107 wynosi 0,3% [&hellip;]<\/p>\n","protected":false},"author":6,"featured_media":0,"parent":2310,"menu_order":0,"comment_status":"closed","ping_status":"closed","template":"","meta":{"_uf_show_specific_survey":0,"_uf_disable_surveys":false,"__cvm_playback_settings":[],"__cvm_video_id":"","_glsr_average":0,"_glsr_ranking":0,"_glsr_reviews":0,"footnotes":""},"class_list":["post-2175","page","type-page","status-publish","czr-hentry"],"aioseo_notices":[],"_links":{"self":[{"href":"https:\/\/salon-urody.wroclaw.pl\/index.php\/wp-json\/wp\/v2\/pages\/2175","targetHints":{"allow":["GET"]}}],"collection":[{"href":"https:\/\/salon-urody.wroclaw.pl\/index.php\/wp-json\/wp\/v2\/pages"}],"about":[{"href":"https:\/\/salon-urody.wroclaw.pl\/index.php\/wp-json\/wp\/v2\/types\/page"}],"author":[{"embeddable":true,"href":"https:\/\/salon-urody.wroclaw.pl\/index.php\/wp-json\/wp\/v2\/users\/6"}],"replies":[{"embeddable":true,"href":"https:\/\/salon-urody.wroclaw.pl\/index.php\/wp-json\/wp\/v2\/comments?post=2175"}],"version-history":[{"count":0,"href":"https:\/\/salon-urody.wroclaw.pl\/index.php\/wp-json\/wp\/v2\/pages\/2175\/revisions"}],"up":[{"embeddable":true,"href":"https:\/\/salon-urody.wroclaw.pl\/index.php\/wp-json\/wp\/v2\/pages\/2310"}],"wp:attachment":[{"href":"https:\/\/salon-urody.wroclaw.pl\/index.php\/wp-json\/wp\/v2\/media?parent=2175"}],"curies":[{"name":"wp","href":"https:\/\/api.w.org\/{rel}","templated":true}]}}