{"id":2056,"date":"2017-01-13T15:49:40","date_gmt":"2017-01-13T14:49:40","guid":{"rendered":"http:\/\/salon-urody.wroclaw.pl\/?page_id=2056"},"modified":"2023-06-16T16:44:12","modified_gmt":"2023-06-16T14:44:12","slug":"masaze-odchudzajace","status":"publish","type":"page","link":"https:\/\/salon-urody.wroclaw.pl\/index.php\/pielegnacja-ciala\/masaze-odchudzajace\/","title":{"rendered":"Masa\u017ce odchudzaj\u0105ce"},"content":{"rendered":"<h2>Masa\u017ce odchudzaj\u0105ce<\/h2>\n<p><span style=\"color: #808080;\"><strong>Masa\u017ce odchudzaj\u0105ce<\/strong><\/span> s\u0105 jedn\u0105 z odmian masa\u017cu klasycznego po\u0142\u0105czonego z r\u00f3\u017cnymi technikami drena\u017cu limfatycznego. Intensywne rozmasowywanie u\u0142atwia rozbicie kom\u00f3rek t\u0142uszczowych w tkance podsk\u00f3rnej. Dzi\u0119ki poprawie ukrwienia, odprowadzeniu toksyn i r\u00f3wnomiernemu rozprowadzeniu limfy w organizmie jeste<img decoding=\"async\" class=\"wp-image-2059 alignright lazyload\" data-src=\"http:\/\/salon-urody.wroclaw.pl\/wp-content\/uploads\/2017\/01\/princess-186x300.jpg\" alt=\"\" width=\"202\" height=\"325\" data-srcset=\"https:\/\/salon-urody.wroclaw.pl\/wp-content\/uploads\/2017\/01\/princess-186x300.jpg 186w, https:\/\/salon-urody.wroclaw.pl\/wp-content\/uploads\/2017\/01\/princess-93x150.jpg 93w, https:\/\/salon-urody.wroclaw.pl\/wp-content\/uploads\/2017\/01\/princess.jpg 386w\" data-sizes=\"(max-width: 202px) 100vw, 202px\" src=\"data:image\/svg+xml;base64,PHN2ZyB3aWR0aD0iMSIgaGVpZ2h0PSIxIiB4bWxucz0iaHR0cDovL3d3dy53My5vcmcvMjAwMC9zdmciPjwvc3ZnPg==\" style=\"--smush-placeholder-width: 202px; --smush-placeholder-aspect-ratio: 202\/325;\" \/>\u015bmy w stanie utraci\u0107 po kilkana\u015bcie centymetr\u00f3w w obwodach i zdecydowanie uj\u0119drni\u0107 sk\u00f3r\u0119. Najlepsze rezultaty osi\u0105gniemy \u0142\u0105cz\u0105c rytua\u0142y odchudzaj\u0105ce ze <a href=\"http:\/\/salon-urody.wroclaw.pl\/index.php\/fitness\/dietetyka\/\">zbilansowan\u0105 diet\u0105<\/a> oraz indywidualnie dobran\u0105 aktywno\u015bci\u0105 fizyczn\u0105.<\/p>\n<p><span style=\"color: #622370;\"><strong>Masa\u017c Princess<\/strong><\/span> &#8211; terapia manualna wykorzystywana przede wszystkim do pozbycia si\u0119 tzw. \u201epomara\u0144czowej sk\u00f3rki\u201d. Jest to masa\u017c antycellulitowy, kt\u00f3ry sk\u0142ada si\u0119 z intensywnego ugniatania oraz drena\u017cu limfatycznego. Przyczynia si\u0119 bezpo\u015brednio do poprawy przemiany materii. Optymalne po\u0142\u0105czenie dw\u00f3ch technik powoduje polepszenie kr\u0105\u017cenia krwi jak<br \/>\ni ch\u0142onki. Zmniejszone zostaj\u0105 zastoje limfatyczne. Rytua\u0142 Princess umo\u017cliwia usuni\u0119cie szkodliwych produkt\u00f3w przemiany materii i oczyszczenie organizmu z toksyn. W efekcie regeneruje i uelastycznia tkank\u0119 \u0142\u0105czn\u0105, zwi\u0119ksza napi\u0119cie sk\u00f3ry, a przede wszystkim<br \/>\nwyg\u0142adza sk\u00f3r\u0119 oraz likwiduje cellulit.<\/p>\n<p><a href=\"https:\/\/instytut27.booksy.com\">Rytua\u0142 Princess &#8211; 160 z\u0142<\/a><\/p>\n<p><img decoding=\"async\" class=\"size-medium wp-image-2098 alignleft lazyload\" data-src=\"http:\/\/salon-urody.wroclaw.pl\/wp-content\/uploads\/2017\/01\/royal-300x180.jpg\" alt=\"\" width=\"300\" height=\"180\" data-srcset=\"https:\/\/salon-urody.wroclaw.pl\/wp-content\/uploads\/2017\/01\/royal-300x180.jpg 300w, https:\/\/salon-urody.wroclaw.pl\/wp-content\/uploads\/2017\/01\/royal-150x90.jpg 150w, https:\/\/salon-urody.wroclaw.pl\/wp-content\/uploads\/2017\/01\/royal-600x360.jpg 600w, https:\/\/salon-urody.wroclaw.pl\/wp-content\/uploads\/2017\/01\/royal.jpg 700w\" data-sizes=\"(max-width: 300px) 100vw, 300px\" src=\"data:image\/svg+xml;base64,PHN2ZyB3aWR0aD0iMSIgaGVpZ2h0PSIxIiB4bWxucz0iaHR0cDovL3d3dy53My5vcmcvMjAwMC9zdmciPjwvc3ZnPg==\" style=\"--smush-placeholder-width: 300px; --smush-placeholder-aspect-ratio: 300\/180;\" \/><\/p>\n<p>Masa\u017c odchudzaj\u0105cy <strong>ROYAL<\/strong>* &#8211; to autorski masa\u017c intensywnie wyszczuplaj\u0105cy, polecany szczeg\u00f3lnie w celu likwidacji tkanki t\u0142uszczowej z okolic brzucha, ud, po\u015bladk\u00f3w, bioder, a nawet ramion i plec\u00f3w. Znacznie\u00a0przyczynia si\u0119 do og\u00f3lnego spadku wagi. Masa\u017c ROYAL polega na zastosowaniu specjalnie dopracowanych ruch\u00f3w uciskowo \u2013 modeluj\u0105cych umo\u017cliwiaj\u0105cych rozbicie podsk\u00f3rnej tkanki t\u0142uszczowej, aktywuj\u0105c przy tym spalanie zb\u0119dnego t\u0142uszczu.<br \/>\nDla wzmocnienia efektu stosujemy nasz\u0105 autorska technik\u0119 drenowania pulsacyjnego tradycyjnym kamieniem GUA SHA oddzia\u0142uj\u0105c r\u00f3wnie\u017c uj\u0119drniaj\u0105co na cia\u0142o. Indywidualnie selekcjonowane do rytua\u0142 ROYAL olejki, dzi\u0119ki bogatej zawarto\u015bci aktywnych sk\u0142adnik\u00f3w wielowymiarowo przyczyniaj\u0105 si\u0119 do wzmocnienia efekt\u00f3w terapii.<\/p>\n<p>*masa\u017c ROYAL nie jest dost\u0119pny jako indywidualny zabieg, ale wy\u0142\u0105cznie jako nieodzowne uzupe\u0142nienie pakiet\u00f3w wyszczuplaj\u0105cych <a href=\"http:\/\/salon-urody.wroclaw.pl\/index.php\/pakiety-odchudzajace\/\">Boska Betty<\/a> oraz <a href=\"http:\/\/salon-urody.wroclaw.pl\/index.php\/pakiety-odchudzajace\/\">The Queen<\/a><\/p>\n<p><em><strong>Przeciwwskazania:<\/strong><\/em><\/p>\n<p>&#8211; nowotw\u00f3r,<br \/>\n&#8211; zapalenie w\u0119z\u0142\u00f3w ch\u0142onnych,<br \/>\n&#8211; stany podgor\u0105czkowe, <img decoding=\"async\" class=\"size-medium wp-image-2062 alignright lazyload\" data-src=\"http:\/\/salon-urody.wroclaw.pl\/wp-content\/uploads\/2017\/01\/KING-178x300.jpg\" alt=\"\" width=\"220\" height=\"380\" src=\"data:image\/svg+xml;base64,PHN2ZyB3aWR0aD0iMSIgaGVpZ2h0PSIxIiB4bWxucz0iaHR0cDovL3d3dy53My5vcmcvMjAwMC9zdmciPjwvc3ZnPg==\" style=\"--smush-placeholder-width: 220px; --smush-placeholder-aspect-ratio: 220\/380;\" \/><br \/>\n&#8211; zakrzepy, t\u0119tniaki, zapalenie \u017cy\u0142<\/p>\n<p>Najlepsze efekty osi\u0105gniemy w serii, poddaj\u0105c si\u0119 rytua\u0142owi 1-2 razy w tygodniu.<\/p>\n<p><strong>NOWO\u015a\u0106!<\/strong><br \/>\nThe KING<\/p>\n<p>Opieraj\u0105c si\u0119 na wieloletnim do\u015bwiadczeniu, po\u0142\u0105czyli\u015bmy jeden z naszych autorskich masa\u017cy manualnych z zastosowaniem uprzednio termoplastyki fala radiow\u0105, kt\u00f3ra podnosi temperatur\u0119 w podsk\u00f3rnej tkance t\u0142uszczowej, usprawniaj\u0105c procesy metabolizmu i efektywnie wspomagaj\u0105c proces modelowania cia\u0142a.<\/p>\n<p>KING Pozwala nam w jak najkr\u00f3tszym czasie osi\u0105gn\u0105\u0107 spektakularne rezultaty dzi\u0119ki synergicznemu<br \/>\nwsp\u00f3\u0142dzia\u0142aniu bod\u017ac\u00f3w manualnych wraz z zaawansowan\u0105 technologi\u0105.<\/p>\n<p><strong>Rytua\u0142 KING<\/strong> &#8211; 160 z\u0142<\/p>\n<p>&nbsp;<\/p>\n<p><strong>\u00a0<\/strong><\/p>\n<h4>Serdecznie zapraszamy do zapoznania si\u0119 z naszymi zabiegami.<\/h4>\n<p>[su_button url=&#8221;https:\/\/instytut27.booksy.com&#8221; target=&#8221;blank&#8221; background=&#8221;#9acd32&#8243; style=&#8221;soft&#8221; size=&#8221;4&#8243; radius=&#8221;round&#8221; text_shadow=&#8221;1px 1px 1px #000000&#8243; rel=&#8221;nofollow&#8221;]Rezerwacja online[\/su_button]<span style=\"line-height: 1.5;\"><\/p>\n<ul>\n<li>Tel.: 505 455 777<\/li>\n<\/ul>\n<p>&nbsp;<\/p>\n","protected":false},"excerpt":{"rendered":"<p>Masa\u017ce odchudzaj\u0105ce Masa\u017ce odchudzaj\u0105ce s\u0105 jedn\u0105 z odmian masa\u017cu klasycznego po\u0142\u0105czonego z r\u00f3\u017cnymi technikami drena\u017cu limfatycznego. Intensywne rozmasowywanie u\u0142atwia rozbicie kom\u00f3rek t\u0142uszczowych w tkance podsk\u00f3rnej. Dzi\u0119ki poprawie ukrwienia, odprowadzeniu toksyn i r\u00f3wnomiernemu rozprowadzeniu limfy w organizmie jeste\u015bmy w stanie utraci\u0107 po kilkana\u015bcie centymetr\u00f3w w obwodach i zdecydowanie uj\u0119drni\u0107 sk\u00f3r\u0119. Najlepsze rezultaty osi\u0105gniemy \u0142\u0105cz\u0105c rytua\u0142y odchudzaj\u0105ce [&hellip;]<\/p>\n","protected":false},"author":6,"featured_media":0,"parent":110,"menu_order":0,"comment_status":"closed","ping_status":"closed","template":"","meta":{"_uf_show_specific_survey":0,"_uf_disable_surveys":false,"__cvm_playback_settings":[],"__cvm_video_id":"","_glsr_average":0,"_glsr_ranking":0,"_glsr_reviews":0,"footnotes":""},"class_list":["post-2056","page","type-page","status-publish","czr-hentry"],"aioseo_notices":[],"_links":{"self":[{"href":"https:\/\/salon-urody.wroclaw.pl\/index.php\/wp-json\/wp\/v2\/pages\/2056","targetHints":{"allow":["GET"]}}],"collection":[{"href":"https:\/\/salon-urody.wroclaw.pl\/index.php\/wp-json\/wp\/v2\/pages"}],"about":[{"href":"https:\/\/salon-urody.wroclaw.pl\/index.php\/wp-json\/wp\/v2\/types\/page"}],"author":[{"embeddable":true,"href":"https:\/\/salon-urody.wroclaw.pl\/index.php\/wp-json\/wp\/v2\/users\/6"}],"replies":[{"embeddable":true,"href":"https:\/\/salon-urody.wroclaw.pl\/index.php\/wp-json\/wp\/v2\/comments?post=2056"}],"version-history":[{"count":0,"href":"https:\/\/salon-urody.wroclaw.pl\/index.php\/wp-json\/wp\/v2\/pages\/2056\/revisions"}],"up":[{"embeddable":true,"href":"https:\/\/salon-urody.wroclaw.pl\/index.php\/wp-json\/wp\/v2\/pages\/110"}],"wp:attachment":[{"href":"https:\/\/salon-urody.wroclaw.pl\/index.php\/wp-json\/wp\/v2\/media?parent=2056"}],"curies":[{"name":"wp","href":"https:\/\/api.w.org\/{rel}","templated":true}]}}