{"id":1764,"date":"2015-12-04T19:55:57","date_gmt":"2015-12-04T18:55:57","guid":{"rendered":"http:\/\/salon-urody.wroclaw.pl\/?page_id=1764"},"modified":"2023-12-13T14:30:34","modified_gmt":"2023-12-13T13:30:34","slug":"ostatni-dzwonek","status":"publish","type":"page","link":"https:\/\/salon-urody.wroclaw.pl\/index.php\/promocje\/ostatni-dzwonek\/","title":{"rendered":"Ostatni dzwonek"},"content":{"rendered":"<p>&nbsp;<\/p>\n<hr \/>\n<h3 style=\"text-align: left;\"><span style=\"color: #999999;\"><strong>Kriolipoliza<\/strong><\/span><\/h3>\n<p><img decoding=\"async\" class=\"size-medium wp-image-1874 alignright lazyload\" data-src=\"http:\/\/salon-urody.wroclaw.pl\/wp-content\/uploads\/2015\/12\/1-DSC_0601-004-300x200.jpg\" alt=\"kriolipoliza_wroc\u0142aw\" width=\"300\" height=\"200\" data-srcset=\"https:\/\/salon-urody.wroclaw.pl\/wp-content\/uploads\/2015\/12\/1-DSC_0601-004-300x200.jpg 300w, https:\/\/salon-urody.wroclaw.pl\/wp-content\/uploads\/2015\/12\/1-DSC_0601-004-150x100.jpg 150w, https:\/\/salon-urody.wroclaw.pl\/wp-content\/uploads\/2015\/12\/1-DSC_0601-004-768x512.jpg 768w, https:\/\/salon-urody.wroclaw.pl\/wp-content\/uploads\/2015\/12\/1-DSC_0601-004.jpg 1024w, https:\/\/salon-urody.wroclaw.pl\/wp-content\/uploads\/2015\/12\/1-DSC_0601-004-600x400.jpg 600w\" data-sizes=\"(max-width: 300px) 100vw, 300px\" src=\"data:image\/svg+xml;base64,PHN2ZyB3aWR0aD0iMSIgaGVpZ2h0PSIxIiB4bWxucz0iaHR0cDovL3d3dy53My5vcmcvMjAwMC9zdmciPjwvc3ZnPg==\" style=\"--smush-placeholder-width: 300px; --smush-placeholder-aspect-ratio: 300\/200;\" \/><\/p>\n<p><a href=\"http:\/\/salon-urody.wroclaw.pl\/index.php\/pielegnacja-ciala\/kriolipoliza\/\">Kriolipoliza<\/a>\u00a0jest zabiegiem bezpiecznym i bezbolesnym, daj\u0105cym spektakularne efekty w kszta\u0142towaniu sylwetki, redukcji nadmiernej tkanki t\u0142uszczowej, zw\u0142aszcza w miejscach odpornych na diet\u0119 i \u0107wiczenia.<\/p>\n<p>Tylko teraz\u00a0 549 z\u0142 za 2 przy\u0142o\u017cenia (w czasie jednej sesji) i\u00a0 1350 z\u0142 za 6 przy\u0142o\u017ce\u0144<\/p>\n<p>Rezerwacja\u00a02 przy\u0142o\u017cenia: <a href=\"https:\/\/instytut27.booksy.com\">on-line<\/a><\/p>\n<p>Rezerwacja 4 przy\u0142o\u017cenia: <a href=\"https:\/\/instytut27.booksy.com\">on-line<\/a><\/p>\n<p>Rezerwacja 6 przy\u0142o\u017ce\u0144: <a href=\"https:\/\/instytut27.booksy.com\">on-line<\/a><\/p>\n<hr \/>\n<p>HERLA SUMMER GOLD &#8211; Intensywny nawil\u017caj\u0105co &#8211; odm\u0142adzaj\u0105cy holistyczny rytua\u0142 twarzy.<\/p>\n<p>Ostatni dzwonek <del>250<\/del> z\u0142 &#8211;<a href=\"https:\/\/instytut27.booksy.com\"> 179 z\u0142<\/a> !<\/p>\n<hr \/>\n<p>Sezon depilacji trwa! M\u0119cz\u0105 Ci\u0119 niechciane w\u0142oski? Chcesz si\u0119 ich szybko i bezbole\u015bnie pozby\u0107?<\/p>\n<p>Tylko w tym miesi\u0105cu skonstruowali\u015bmy zestaw obejmuj\u0105cy 4 najcz\u0119\u015bciej wybierane przez Was obszary w trakcie jednej sesji:<\/p>\n<p>\u0141ydki + kolana + bikini p\u0142ytkie +pachy &#8211; <del>600 z\u0142<\/del> &#8211; <a href=\"https:\/\/instytut27.booksy.com\"><strong>480 z\u0142 !<\/strong><\/a><\/p>\n<p>Zapraszamy na depilacj\u0119 laserow\u0105 metod\u0105 SHR lub IPL.<\/p>\n<p>Um\u00f3w si\u0119 na zabieg telefonicznie pod numerem 505 455 777 lub<br \/>\n<span style=\"color: grey;\">Zapraszamy do rezerwacji zabieg\u00f3w <a href=\"https:\/\/instytut27.booksy.com\">online<\/a>:<\/span><\/p>\n<p>[su_button url=&#8221;https:\/\/instytut27.booksy.com&#8221; target=&#8221;blank&#8221; background=&#8221;#4FC3F7&#8243; style=&#8221;soft&#8221; size=&#8221;8&#8243; radius=&#8221;round&#8221; text_shadow=&#8221;1px 1px 1px #000000&#8243; rel=&#8221;nofollow&#8221;]Zarezerwuj online[\/su_button]<\/p>\n<p>&nbsp;<\/p>\n<div id=\"fb-root\"><a href=\"https:\/\/www.instagram.com\/fantastic.body.wroclaw\/\"><img decoding=\"async\" class=\"alignnone lazyload\" style=\"--smush-placeholder-width: 72px; --smush-placeholder-aspect-ratio: 72\/71;border: 0;\" data-src=\"https:\/\/cdn.pixabay.com\/photo\/2016\/08\/09\/17\/52\/instagram-1581266_960_720.jpg\" alt=\"INSTAGRAM\" width=\"72\" height=\"71\" src=\"data:image\/svg+xml;base64,PHN2ZyB3aWR0aD0iMSIgaGVpZ2h0PSIxIiB4bWxucz0iaHR0cDovL3d3dy53My5vcmcvMjAwMC9zdmciPjwvc3ZnPg==\" \/><\/a><\/div>\n<p><script async defer crossorigin=\"anonymous\" src=\"https:\/\/connect.facebook.net\/pl_PL\/sdk.js#xfbml=1&#038;version=v16.0\" nonce=\"eKVMTvDK\"><\/script><\/p>\n<div class=\"fb-page\" data-href=\"https:\/\/www.facebook.com\/fitness.wroclaw\/?locale=pl_PL\" data-tabs=\"timeline\" data-width=\"200\" data-height=\"80\" data-small-header=\"false\" data-adapt-container-width=\"true\" data-hide-cover=\"false\" data-show-facepile=\"true\">\n<blockquote class=\"fb-xfbml-parse-ignore\" cite=\"https:\/\/www.facebook.com\/fitness.wroclaw\/?locale=pl_PL\">\n<p style=\"text-align: left;\"><a href=\"https:\/\/www.facebook.com\/fitness.wroclaw\/?locale=pl_PL\">Salon Urody, kosmetyczny &#8211; Klinika odchudzania &#8211; Fantastic Body Instytut<\/a><\/p>\n<\/blockquote>\n<\/div>\n","protected":false},"excerpt":{"rendered":"<p>&nbsp; Kriolipoliza Kriolipoliza\u00a0jest zabiegiem bezpiecznym i bezbolesnym, daj\u0105cym spektakularne efekty w kszta\u0142towaniu sylwetki, redukcji nadmiernej tkanki t\u0142uszczowej, zw\u0142aszcza w miejscach odpornych na diet\u0119 i \u0107wiczenia. Tylko teraz\u00a0 549 z\u0142 za 2 przy\u0142o\u017cenia (w czasie jednej sesji) i\u00a0 1350 z\u0142 za 6 przy\u0142o\u017ce\u0144 Rezerwacja\u00a02 przy\u0142o\u017cenia: on-line Rezerwacja 4 przy\u0142o\u017cenia: on-line Rezerwacja 6 przy\u0142o\u017ce\u0144: on-line HERLA SUMMER [&hellip;]<\/p>\n","protected":false},"author":1,"featured_media":0,"parent":160,"menu_order":0,"comment_status":"closed","ping_status":"closed","template":"","meta":{"_uf_show_specific_survey":0,"_uf_disable_surveys":false,"__cvm_playback_settings":[],"__cvm_video_id":"","_glsr_average":0,"_glsr_ranking":0,"_glsr_reviews":0,"footnotes":""},"class_list":["post-1764","page","type-page","status-publish","czr-hentry"],"aioseo_notices":[],"_links":{"self":[{"href":"https:\/\/salon-urody.wroclaw.pl\/index.php\/wp-json\/wp\/v2\/pages\/1764","targetHints":{"allow":["GET"]}}],"collection":[{"href":"https:\/\/salon-urody.wroclaw.pl\/index.php\/wp-json\/wp\/v2\/pages"}],"about":[{"href":"https:\/\/salon-urody.wroclaw.pl\/index.php\/wp-json\/wp\/v2\/types\/page"}],"author":[{"embeddable":true,"href":"https:\/\/salon-urody.wroclaw.pl\/index.php\/wp-json\/wp\/v2\/users\/1"}],"replies":[{"embeddable":true,"href":"https:\/\/salon-urody.wroclaw.pl\/index.php\/wp-json\/wp\/v2\/comments?post=1764"}],"version-history":[{"count":0,"href":"https:\/\/salon-urody.wroclaw.pl\/index.php\/wp-json\/wp\/v2\/pages\/1764\/revisions"}],"up":[{"embeddable":true,"href":"https:\/\/salon-urody.wroclaw.pl\/index.php\/wp-json\/wp\/v2\/pages\/160"}],"wp:attachment":[{"href":"https:\/\/salon-urody.wroclaw.pl\/index.php\/wp-json\/wp\/v2\/media?parent=1764"}],"curies":[{"name":"wp","href":"https:\/\/api.w.org\/{rel}","templated":true}]}}