{"id":1672,"date":"2015-09-28T13:36:28","date_gmt":"2015-09-28T11:36:28","guid":{"rendered":"http:\/\/salon-urody.wroclaw.pl\/?page_id=1672"},"modified":"2023-09-25T13:05:33","modified_gmt":"2023-09-25T11:05:33","slug":"infuzja-tlenowa-zabieg-gwiazd","status":"publish","type":"page","link":"https:\/\/salon-urody.wroclaw.pl\/index.php\/pielegnacja-twarzy\/odzywienie-regeneracja\/infuzja-tlenowa-zabieg-gwiazd\/","title":{"rendered":"Infuzja tlenowa &#8211; zabieg gwiazd"},"content":{"rendered":"<h2 class=\"western\"><strong><span style=\"color: #cfb53b;\">INFUZJA TLENOWA\u2013 b\u0142yskawiczny efekt napi\u0119cia sk\u00f3ry &#8211; najcz\u0119\u015bciej wybierany zabieg przez gwiazdy Hollywood!<\/span><\/strong><\/h2>\n<p>&nbsp;<\/p>\n<p style=\"text-align: center;\">Poznaj sekret wiecznej m\u0142odo\u015bci.<\/p>\n<p style=\"text-align: center;\">Z duma prezentujemy rewolucyjna metod\u0119 odm\u0142adzania sk\u00f3ry opart\u0105 na wt\u0142aczaniu substancji aktywnych do g\u0142\u0119bszych warstw sk\u00f3ry przy pomocy czystego tlenu.<\/p>\n<p>&nbsp;<\/p>\n<p><a style=\"color: #005580; text-decoration-line: underline;\" href=\"http:\/\/salon-urody.wroclaw.pl\/wp-content\/uploads\/2015\/09\/Sekret-M\u0142odo\u015bci.jpg\"><img decoding=\"async\" class=\"wp-image-1680 alignright lazyload\" data-src=\"http:\/\/salon-urody.wroclaw.pl\/wp-content\/uploads\/2015\/09\/Sekret-M\u0142odo\u015bci-300x205.jpg\" alt=\"Sekret M\u0142odo\u015bci\" width=\"371\" height=\"253\" data-wp-pid=\"1680\" data-srcset=\"https:\/\/salon-urody.wroclaw.pl\/wp-content\/uploads\/2015\/09\/Sekret-M\u0142odo\u015bci-300x205.jpg 300w, https:\/\/salon-urody.wroclaw.pl\/wp-content\/uploads\/2015\/09\/Sekret-M\u0142odo\u015bci-150x102.jpg 150w, https:\/\/salon-urody.wroclaw.pl\/wp-content\/uploads\/2015\/09\/Sekret-M\u0142odo\u015bci-1024x699.jpg 1024w, https:\/\/salon-urody.wroclaw.pl\/wp-content\/uploads\/2015\/09\/Sekret-M\u0142odo\u015bci.jpg 1082w\" data-sizes=\"(max-width: 371px) 100vw, 371px\" src=\"data:image\/svg+xml;base64,PHN2ZyB3aWR0aD0iMSIgaGVpZ2h0PSIxIiB4bWxucz0iaHR0cDovL3d3dy53My5vcmcvMjAwMC9zdmciPjwvc3ZnPg==\" style=\"--smush-placeholder-width: 371px; --smush-placeholder-aspect-ratio: 371\/253;\" \/><\/a><\/p>\n<p><strong>Tlen<\/strong> jest niezb\u0119dnym pierwiastkiem potrzebnym sk\u00f3rze w ka\u017cdym wieku. Od\u017cywia kom\u00f3rki, przyspieszaj\u0105c ich mitochondrialny metabolizm, mobilizuj\u0105c je do produkcji kolagenu i elastyny. Jednocze\u015bnie ma w\u0142a\u015bciwo\u015bci antybakteryjne, pozwalaj\u0105c z\u0142agodzi\u0107 stany zapalne. Zanieczyszczone\u00a0\u015brodowisko, niezdrowy tryb \u017cycia znacznie zmniejszaj\u0105 jego absorpcj\u0119 przez sk\u00f3r\u0119. Pogarsza si\u0119 jej wygl\u0105d, staje si\u0119 sucha, matowa i ma\u0142o elastyczna. Specjalistyczna tlenoterapia aktywnie spowalnia proces przedwczesnego starzenia si\u0119 sk\u00f3ry, a tak\u017ce zdecydowanie poprawia jej jako\u015b\u0107. Uzyskujemy efekt nawil\u017cenia na poziomie kom\u00f3rkowym oraz wype\u0142nienia zmarszczek. Metoda ta zosta\u0142a opatentowana w Danii i sta\u0142a si\u0119 nieinwazyjn\u0105 i bezbolesn\u0105, kosmetyczn\u0105 alternatyw\u0105 dla zabieg\u00f3w z u\u017cyciem wype\u0142niaczy. <strong>Seria 5 \u2013 6 zabieg\u00f3w<\/strong> redukuje widoczno\u015b\u0107 zmarszczek o 50%, a efekt utrzymuje si\u0119 do p\u00f3\u0142 roku. Poznaj sekret najwi\u0119kszych gwiazd Hollywood w tym Madonny, Kate Perry, Jenifer Lopez, Naomi Campbell czy Justina Timberlake&#8217;a.<\/p>\n<p>&nbsp;<\/p>\n<h4 class=\"western\" style=\"text-align: center;\">Synergiczne po\u0142\u0105czenie dw\u00f3ch technologii terapii hiperbarycznym, odpowiednio spr\u0119\u017conym i st\u0119\u017conym tlenem oraz sk\u0142adnik\u00f3w aktywnych wt\u0142aczanych do g\u0142\u0119bokich warstw sk\u00f3ry pozwala na osi\u0105gni\u0119cie natychmiastowych efekt\u00f3w wype\u0142nienia bruzd i zmarszczek mimicznych, poprawy konturu twarzy oraz wyg\u0142adzeniu okolic oczu i ust.<\/h4>\n<p><a href=\"http:\/\/salon-urody.wroclaw.pl\/wp-content\/uploads\/2015\/09\/Jad-W\u0119\u017ca.jpg\"><img decoding=\"async\" class=\"size-medium wp-image-1677 alignleft lazyload\" data-src=\"http:\/\/salon-urody.wroclaw.pl\/wp-content\/uploads\/2015\/09\/Jad-W\u0119\u017ca-200x300.jpg\" alt=\"Jad W\u0119\u017ca\" width=\"200\" height=\"300\" data-wp-pid=\"1677\" data-srcset=\"https:\/\/salon-urody.wroclaw.pl\/wp-content\/uploads\/2015\/09\/Jad-W\u0119\u017ca-200x300.jpg 200w, https:\/\/salon-urody.wroclaw.pl\/wp-content\/uploads\/2015\/09\/Jad-W\u0119\u017ca-100x150.jpg 100w, https:\/\/salon-urody.wroclaw.pl\/wp-content\/uploads\/2015\/09\/Jad-W\u0119\u017ca.jpg 500w\" data-sizes=\"(max-width: 200px) 100vw, 200px\" src=\"data:image\/svg+xml;base64,PHN2ZyB3aWR0aD0iMSIgaGVpZ2h0PSIxIiB4bWxucz0iaHR0cDovL3d3dy53My5vcmcvMjAwMC9zdmciPjwvc3ZnPg==\" style=\"--smush-placeholder-width: 200px; --smush-placeholder-aspect-ratio: 200\/300;\" \/><\/a><\/p>\n<p>&nbsp;<\/p>\n<p>Jednym ze skoncentrowanych sk\u0142adnik\u00f3w jest pochodna jadu w\u0119\u017ca \u2013 <strong>Syn\u00ae-Ake<\/strong>, bia\u0142ko b\u0119d\u0105ce inhibitorem neurotransmiter\u00f3w. Sk\u0142adnik ten dzia\u0142a adekwatnie do toksyny botulinowej. Zatrzymuje uwalnianie acetylocholiny do szczelin synaptycznych prowadz\u0105c do os\u0142abienia przewodnictwa nerwowo \u2013 mi\u0119\u015bniowego. Neuropeptydy zawarte w serum na\u015bladuj\u0105 dzia\u0142anie toksyny w\u0119\u017ca Temple Viper i s\u0105 najsilniejszymi peptydami rozkurczaj\u0105cymi. Natychmiastowa redukcja zmarszczek utrzymuje si\u0119 do miesi\u0105ca.<\/p>\n<p>Serum stosowane przy redukcji deficytu tlenowego zawiera w sobie peptydy, antyoksydanty, minera\u0142y i witaminy oraz ekstrakt z algi morskiej, a tak\u017ce kwas hialuronowy(HA) \u2013 polisacharyd o w\u0142a\u015bciwo\u015bciach higroskopijnych. Jedna jego cz\u0105steczka jest w stanie zwi\u0105za\u0107 250 cz\u0105steczek wody. Zmniejszenie jego ilo\u015bci w sk\u00f3rze powoduje dezorganizacje w\u0142\u00f3kien kolagenowych prowadz\u0105c do jej starzenia, dlatego uwa\u017cany jest za \u201e\u017ar\u00f3d\u0142o m\u0142odo\u015bci\u201d &#8211; najkorzystniejsz\u0105 substancj\u0119 nawil\u017caj\u0105c\u0105 i chroni\u0105c\u0105 sk\u00f3r\u0119 przed wysychaniem. HA jest biozgodny, nie wywo\u0142uje niepo\u017c\u0105danych reakcji alergicznych czy podra\u017cnie\u0144. Dzi\u0119ki uelastycznianiu warstwy rogowej nask\u00f3rka HA zwi\u0119kszamy jej przepuszczalno\u015b\u0107 dla substancji czynnych.<\/p>\n<p>&nbsp;<\/p>\n<p><a href=\"http:\/\/salon-urody.wroclaw.pl\/wp-content\/uploads\/2015\/09\/Infuzja-tlenowa-Wroc\u0142aw.jpg\"><img decoding=\"async\" class=\"wp-image-1694 alignright lazyload\" data-src=\"http:\/\/salon-urody.wroclaw.pl\/wp-content\/uploads\/2015\/09\/Infuzja-tlenowa-Wroc\u0142aw-300x166.jpg\" alt=\"Infuzja tlenowa Wroc\u0142aw\" width=\"353\" height=\"195\" data-wp-pid=\"1694\" data-srcset=\"https:\/\/salon-urody.wroclaw.pl\/wp-content\/uploads\/2015\/09\/Infuzja-tlenowa-Wroc\u0142aw-300x166.jpg 300w, https:\/\/salon-urody.wroclaw.pl\/wp-content\/uploads\/2015\/09\/Infuzja-tlenowa-Wroc\u0142aw-150x83.jpg 150w, https:\/\/salon-urody.wroclaw.pl\/wp-content\/uploads\/2015\/09\/Infuzja-tlenowa-Wroc\u0142aw.jpg 900w\" data-sizes=\"(max-width: 353px) 100vw, 353px\" src=\"data:image\/svg+xml;base64,PHN2ZyB3aWR0aD0iMSIgaGVpZ2h0PSIxIiB4bWxucz0iaHR0cDovL3d3dy53My5vcmcvMjAwMC9zdmciPjwvc3ZnPg==\" style=\"--smush-placeholder-width: 353px; --smush-placeholder-aspect-ratio: 353\/195;\" \/><\/a><\/p>\n<p>&nbsp;<\/p>\n<p>Rytua\u0142 infuzji tlenowej mo\u017ce by\u0107 wykonany jednorazowo w celu poprawy napi\u0119cia sk\u00f3ry, a tak\u017ce jako kuracja 6 zabieg\u00f3w wykonywanych tygodniowo, poprawiaj\u0105ca struktur\u0119 i kondycj\u0119 nask\u00f3rka. Aby utrzyma\u0107 efekt odm\u0142odzenia i wype\u0142nienia zmarszczek powtarzamy kuracj\u0119 co p\u00f3\u0142 roku lub wykonujemy jeden zabieg miesi\u0119cznie.\u00a0U m\u0142odszych Pa\u0144 infuzja zadzia\u0142a prewencyjnie zapobiegaj\u0105c utracie wody, spadku napi\u0119cia sk\u00f3ry, niweluj\u0105c stany zapalne i tr\u0105dzikowe oraz spowalniaj\u0105c procesy starzenia.<\/p>\n<p>&nbsp;<\/p>\n<p><strong><span style=\"color: #8e6b23;\">Wskazania do zabiegu Infuzji tlenowej:<\/span><\/strong><\/p>\n<ul>\n<li>zmarszczki mimiczne, bruzdy, cera dojrza\u0142a<\/li>\n<li>sk\u00f3ra sucha, pozbawiona elastyczno\u015bci, zwiotcza\u0142a<\/li>\n<li>sk\u00f3ra po du\u017cej dawce s\u0142o\u0144ca<\/li>\n<li>cera naczyniowa<\/li>\n<li>cera tr\u0105dzikowa, problematyczna<\/li>\n<\/ul>\n<p><strong><span style=\"color: #8e6b23;\">Efekty:<\/span><\/strong><\/p>\n<ul>\n<li>sp\u0142ycenia, zmniejszenia zmarszczek i bruzd o 50%<\/li>\n<li>zmniejszenia widoczno\u015bci tzw. \u201ework\u00f3w\u201d pod oczami \u2013 infuzja jest jednym z niewielu zabieg\u00f3w, kt\u00f3re mo\u017cna przeprowadza\u0107 bezpo\u015brednio na okolic\u0119 oczu, tak\u017ce na g\u00f3rne powieki<\/li>\n<li>wype\u0142nienie czerwieni ust<\/li>\n<li>nawil\u017cenia i dotlenienia sk\u00f3ry na poziomie kom\u00f3rkowym<\/li>\n<li>poprawy napi\u0119cia i elastyczno\u015bci sk\u00f3ry<\/li>\n<\/ul>\n<p><strong><span style=\"color: #8e6b23;\">Zalety:<\/span><\/strong><\/p>\n<ul>\n<li>widoczne natychmiastowe rezultaty ju\u017c po pierwszym rytuale, idealny jako zabieg bankietowy wykonywany tu\u017c przed wa\u017cnym wyj\u015bciem<\/li>\n<li>nie ma ryzyka pojawienia si\u0119 podra\u017cnie\u0144, drgania mi\u0119\u015bni czy stan\u00f3w zapalnych<\/li>\n<li>bezbolesno\u015b\u0107, brak okresu rekonwalescencji<\/li>\n<li>brak skutk\u00f3w ubocznych, nie wyst\u0119puj\u0105 reakcje alergiczne<\/li>\n<li>mo\u017ce by\u0107 wykonywany u kobiet w ci\u0105\u017cy i karmi\u0105cych<\/li>\n<\/ul>\n<p><strong><span style=\"color: #8e6b23;\">G\u0142\u00f3wne przeciwwskazania:<\/span>\u00a0<\/strong><\/p>\n<ul>\n<li>epilepsja<\/li>\n<li>stany gor\u0105czkowe<\/li>\n<li>zapalenia sk\u00f3ry, opryszczka, otwarte rany<\/li>\n<li>choroby bakteryjne i wirusowe<\/li>\n<li>przed zabiegiem nale\u017cy zdj\u0105\u0107 szk\u0142a kontaktowe<\/li>\n<\/ul>\n<p>&nbsp;<\/p>\n<p><strong><span style=\"color: #8e6b23;\">CENY:<\/span><\/strong><img decoding=\"async\" class=\"wp-image-1685 alignright lazyload\" data-src=\"http:\/\/salon-urody.wroclaw.pl\/wp-content\/uploads\/2015\/09\/Hollywood-300x188.jpg\" alt=\"Hollywood\" width=\"342\" height=\"214\" data-wp-pid=\"1685\" data-srcset=\"https:\/\/salon-urody.wroclaw.pl\/wp-content\/uploads\/2015\/09\/Hollywood-300x188.jpg 300w, https:\/\/salon-urody.wroclaw.pl\/wp-content\/uploads\/2015\/09\/Hollywood-150x94.jpg 150w, https:\/\/salon-urody.wroclaw.pl\/wp-content\/uploads\/2015\/09\/Hollywood-1024x640.jpg 1024w, https:\/\/salon-urody.wroclaw.pl\/wp-content\/uploads\/2015\/09\/Hollywood.jpg 1680w\" data-sizes=\"(max-width: 342px) 100vw, 342px\" src=\"data:image\/svg+xml;base64,PHN2ZyB3aWR0aD0iMSIgaGVpZ2h0PSIxIiB4bWxucz0iaHR0cDovL3d3dy53My5vcmcvMjAwMC9zdmciPjwvc3ZnPg==\" style=\"--smush-placeholder-width: 342px; --smush-placeholder-aspect-ratio: 342\/214;\" \/><\/p>\n<p>Infuzja tlenowa + serum + maska (twarz) &#8211;\u00a0225z\u0142<\/p>\n<p>Infuzja tlenowa + serum + maska (twarz + szyja + dekolt) \u2013 299\u00a0z\u0142<\/p>\n<p>Infuzja tlenowa okolice oczu i ust &#8211; 150 z\u0142<\/p>\n<p>Zobacz te\u017c zak\u0142adk\u0119: <a href=\"http:\/\/salon-urody.wroclaw.pl\/index.php\/promocje\/\">promocje<\/a><\/p>\n<p>Najcz\u0119\u015bciej zadawane pytania:<\/p>\n<ul>\n<li>Co daje infuzja tlenowa?<\/li>\n<\/ul>\n<p>Po przeprowadzeniu tej terapii mo\u017cna zaobserwowa\u0107 korzy\u015bci, takie jak: rozja\u015bnienie sk\u00f3ry- infuzja tlenowa mo\u017ce przyczyni\u0107 si\u0119 do rozja\u015bnienia sk\u00f3ry, redukcji przebarwie\u0144 i poprawy jej og\u00f3lnego kolorytu, poprawa elastyczno\u015bci i napi\u0119cia sk\u00f3ry. Infuzja tlenowa mo\u017ce tak\u017ce wspomaga\u0107 metabolizm kom\u00f3rkowy sk\u00f3ry, co przyspiesza regeneracj\u0119 i odnow\u0119 kom\u00f3rek. Dostarczenie dodatkowego tlenu do sk\u00f3ry za pomoc\u0105 infuzji tlenowej mo\u017ce pom\u00f3c w optymalnym dotlenieniu tkanek. Nast\u0119puje wyg\u0142adzenie zmarszczek, zw\u0142aszcza w okolicach oczu. Dodatkowo sk\u00f3ra zyskuje g\u0142\u0119bokie nawil\u017cenie. Infuzja tlenowa mo\u017ce wykazywa\u0107 dzia\u0142anie przeciwstarzeniowe.<\/p>\n<ul>\n<li>Czym si\u0119 r\u00f3\u017cni zabieg oksybrazji od infuzji tlenowej?<\/li>\n<\/ul>\n<p>Oxybrazja, to nowoczesna metoda rewitalizacji i odm\u0142adzania sk\u00f3ry. Polega na intensywnym z\u0142uszczaniu martwych kom\u00f3rek nask\u00f3rka za pomoc\u0105 tlenu i strumienia soli fizjologicznej, kt\u00f3ry jest aplikowany pod ci\u015bnieniem. Jest to metoda dost\u0119pna dla wszystkich. Oxybrazja pomaga usun\u0105\u0107 martwe kom\u00f3rki nask\u00f3rka, ods\u0142aniaj\u0105c \u015bwie\u017csz\u0105, bardziej promienn\u0105 sk\u00f3r\u0119. Tlen eliminuje skutecznie bakterie beztlenowe, gromadz\u0105ce si\u0119 na sk\u00f3rze. Natomiast zabieg infuzji skupia swoje dzia\u0142anie na wprowadzeniu sk\u0142adnik\u00f3w aktywnych w g\u0142\u0105b sk\u00f3ry oraz dotlenieniu kom\u00f3rek.<\/p>\n<ul>\n<li>Z czym \u0142\u0105czy\u0107 Infuzje tlenowa?<\/li>\n<\/ul>\n<p>Infuzj\u0119 tlenow\u0105 cz\u0119sto stosuje si\u0119 po mikrodermabrazji, gdy\u017c po usuni\u0119ciu martwych kom\u00f3rek nask\u00f3rka sk\u00f3ra jest bardziej podatna na wch\u0142anianie substancji aktywnych z infuzji tlenowej. To po\u0142\u0105czenie pomaga w odnowie sk\u00f3ry, redukcji zmarszczek i poprawie tekstury sk\u00f3ry. Kolejnym popularnym po\u0142\u0105czeniem jest infuzja tlenowa po zabiegach mezoterapii mikroig\u0142owej, kt\u00f3re polegaj\u0105 na wprowadzaniu substancji aktywnych w g\u0142\u0105b sk\u00f3ry za pomoc\u0105 mikroiniekcji. Infuzja tlenowa mo\u017ce pom\u00f3c w lepszym wch\u0142anianiu i dystrybucji tych substancji, wspieraj\u0105c efekty mezoterapii. Infuzja tlenowa mo\u017ce by\u0107 \u0142\u0105czona z innymi zabiegami przeciwstarzeniowymi, takimi jak fotoodm\u0142adzanie, radiofrekwencja czy terapie LED.<\/p>\n<ul>\n<li>Jak cz\u0119sto infuzja tlenowa?<\/li>\n<\/ul>\n<p>Zazwyczaj, pocz\u0105tkowa seria infuzji tlenowych sk\u0142ada si\u0119 z 4-6 zabieg\u00f3w, kt\u00f3re wykonuje si\u0119 co 1-2 tygodnie. To pozwala na intensywn\u0105 rewitalizacj\u0119 i odnow\u0119 sk\u00f3ry. Po zako\u0144czeniu serii pocz\u0105tkowej, mo\u017cna przej\u015b\u0107 do zabieg\u00f3w podtrzymuj\u0105cych, kt\u00f3re wykonuje si\u0119 co 4-6 tygodni lub wed\u0142ug zalece\u0144 kosmetologa.<\/p>\n<ul>\n<li>Jakie s\u0105 wskazania i przeciwwskazania do wykonania infuzji tlenowej?<\/li>\n<\/ul>\n<p>Oto kilka g\u0142\u00f3wnych wskaza\u0144 do wykonania infuzji tlenowej: redukcja zmarszczek, w celu poprawy elastyczno\u015bci sk\u00f3ry i og\u00f3lnego odm\u0142odzenia wygl\u0105du sk\u00f3ry. Je\u015bli sk\u00f3ra wydaje si\u0119 zm\u0119czona, matowa i pozbawiona blasku, infuzja tlenowa mo\u017ce przywr\u00f3ci\u0107 jej zdrowy, promienny wygl\u0105d. Infuzja tlenowa mo\u017ce pom\u00f3c w rozja\u015bnieniu przebarwie\u0144, plam pigmentacyjnych i nier\u00f3wno\u015bci kolorytu sk\u00f3ry. Zabieg intensywnie nawil\u017cy sk\u00f3r\u0119, przywracaj\u0105c jej odpowiednie nawodnienie i elastyczno\u015b\u0107.\u00a0Je\u015bli Twoja sk\u00f3ra jest uszkodzona przez s\u0142o\u0144ce, infuzja tlenowa mo\u017ce wspom\u00f3c procesy regeneracyjne i przywr\u00f3ci\u0107 jej zdrowy wygl\u0105d.<\/p>\n<p>W\u015br\u00f3d przeciwwskaza\u0144 znajd\u0105 si\u0119: czynna infekcja w miejscu podania, zmiany ropne, stany zapalne sk\u00f3ry: czynna opryszczka, tr\u0105dzik, uczulenia na sk\u0142adniki preparatu, cz\u0119ste zapalenie zatok.<\/p>\n<ul>\n<li>Na czym polega zabieg infuzji tlenowej?<\/li>\n<\/ul>\n<p>Zabieg infuzji tlenowej, znany r\u00f3wnie\u017c jako terapia tlenowa, polega na dostarczaniu aktywnego tlenu i sk\u0142adnik\u00f3w od\u017cywczych do sk\u00f3ry w celu poprawy jej kondycji i wygl\u0105du. Infuzja tlenowa dzia\u0142a na r\u00f3\u017cnych poziomach sk\u00f3ry, od\u017cywiaj\u0105c kom\u00f3rki, pobudzaj\u0105c regeneracj\u0119, poprawiaj\u0105c metabolizm kom\u00f3rkowy i wzmacniaj\u0105c napi\u0119cie sk\u00f3ry. Efekty zabiegu mog\u0105 by\u0107 widoczne zaraz po zabiegu, ale najlepsze rezultaty osi\u0105ga si\u0119 po serii kilku zabieg\u00f3w.<\/p>\n<ul>\n<li>Czy infuzja tlenowa jest bezpieczna?<\/li>\n<\/ul>\n<p>Infuzja tlenowa to zabieg dedykowany g\u0142\u00f3wnie osobom z wyj\u0105tkowo delikatn\u0105 i przesuszon\u0105 sk\u00f3r\u0105. Jest idealn\u0105 alternatyw\u0105 dla zabieg\u00f3w o bardziej inwazyjnym dzia\u0142aniu, pozostaj\u0105c ca\u0142kowicie bezpiecznym zabiegiem nawet dla kobiet w ci\u0105\u017cy. Zabieg jest bezbolesny, przyjemny, zw\u0142aszcza w letnie, upalne dni.<\/p>\n<ul>\n<li>Ile trwa zabieg infuzji tlenowej?<\/li>\n<\/ul>\n<p>Zabieg na twarz trwa oko\u0142o 45 minut. Gdy dodatkowo obejmujemy szyj\u0119 i dekolt warto zarezerwowa\u0107 godzin\u0119 na zabieg.<\/p>\n<ul>\n<li>\n<div class=\"JlqpRe\"><span class=\"JCzEY ZwRhJd\"><span class=\"CSkcDe\">Jak wygl\u0105da zabieg infuzji tlenowej?<\/span><\/span><\/div>\n<\/li>\n<\/ul>\n<div class=\"JlqpRe\">Ocena sk\u00f3ry: kosmetolog rozpoczyna zabieg od oceny stanu sk\u00f3ry i okre\u015bla jej potrzeby. Na podstawie tego mo\u017ce dostosowa\u0107 infuzj\u0119 tlenow\u0105 do indywidualnych potrzeb klienta. Nast\u0119pnie przygotowujemy sk\u00f3r\u0119: sk\u00f3ra jest dok\u0142adnie oczyszczana, aby usun\u0105\u0107 wszelkie zanieczyszczenia i makija\u017c. Mo\u017ce by\u0107 r\u00f3wnie\u017c stosowane \u0142agodne z\u0142uszczanie, aby usun\u0105\u0107 martwe kom\u00f3rki nask\u00f3rka i przygotowa\u0107 sk\u00f3r\u0119 do przyj\u0119cia substancji od\u017cywczych. Aplikacja tlenu i substancji aktywnych: Specjalna ko\u0144c\u00f3wka\u00a0 urz\u0105dzenia infuzyjnego jest u\u017cywana do aplikacji aktywnego tlenu i specjalnych ampu\u0142ek z substancjami od\u017cywczymi, kt\u00f3re s\u0105 dopasowane do indywidualnych potrzeb sk\u00f3ry. Tlen jest wt\u0142aczany w g\u0142\u0105b sk\u00f3ry, dostarczaj\u0105c jej natlenienie i od\u017cywienie. Masa\u017c i relaksacja: po zastosowaniu infuzji tlenowej mo\u017ce by\u0107 wykonany delikatny masa\u017c lub ch\u0142odz\u0105cy masa\u017c, aby wzmocni\u0107 efekty zabiegu i zapewni\u0107 uczucie relaksu.<\/div>\n<ul>\n<li>\n<div class=\"JlqpRe\"><span class=\"JCzEY ZwRhJd\"><span class=\"CSkcDe\">Ile kosztuje infuzja tlenowa na twarz?<\/span><\/span><\/div>\n<div class=\"aj35ze\">Cena zabiegu na twarz to 225 z\u0142, natomiast twarz+ szyja+ dekolt to 299 z\u0142. Po zabiegu idealnie sprawdzi si\u0119 maska algowa, tworz\u0105c okluzj\u0119 na wprowadzonych sk\u0142adnikach aktywnych i dodatkowo dzia\u0142aj\u0105c terapeutycznie na sk\u00f3r\u0119 za 35 z\u0142.<\/div>\n<\/li>\n<\/ul>\n<h4><span style=\"color: grey;\">Zapraszamy do rezerwacji zabieg\u00f3w <a href=\"https:\/\/instytut27.booksy.com\">online<\/a>:<\/span><\/h4>\n<p>[su_button url=&#8221;https:\/\/instytut27.booksy.com&#8221; target=&#8221;blank&#8221; background=&#8221;#FFA500&#8243; style=&#8221;soft&#8221; size=&#8221;4&#8243; radius=&#8221;round&#8221; text_shadow=&#8221;1px 1px 1px #000000&#8243; rel=&#8221;nofollow&#8221;]Rezerwacja online[\/su_button]<\/p>\n<ul>\n<li>Tel.: 505 455 777<\/li>\n<\/ul>\n<div class=\"fb-page\" data-href=\"https:\/\/www.facebook.com\/fitness.wroclaw\/?locale=pl_PL\" data-tabs=\"timeline\" data-width=\"200\" data-height=\"80\" data-small-header=\"false\" data-adapt-container-width=\"true\" data-hide-cover=\"false\" data-show-facepile=\"true\">\n<blockquote class=\"fb-xfbml-parse-ignore\" cite=\"https:\/\/www.facebook.com\/fitness.wroclaw\/?locale=pl_PL\"><p>&nbsp;<\/p><\/blockquote>\n<\/div>\n","protected":false},"excerpt":{"rendered":"<p>INFUZJA TLENOWA\u2013 b\u0142yskawiczny efekt napi\u0119cia sk\u00f3ry &#8211; najcz\u0119\u015bciej wybierany zabieg przez gwiazdy Hollywood! &nbsp; Poznaj sekret wiecznej m\u0142odo\u015bci. Z duma prezentujemy rewolucyjna metod\u0119 odm\u0142adzania sk\u00f3ry opart\u0105 na wt\u0142aczaniu substancji aktywnych do g\u0142\u0119bszych warstw sk\u00f3ry przy pomocy czystego tlenu. &nbsp; Tlen jest niezb\u0119dnym pierwiastkiem potrzebnym sk\u00f3rze w ka\u017cdym wieku. Od\u017cywia kom\u00f3rki, przyspieszaj\u0105c ich mitochondrialny metabolizm, mobilizuj\u0105c [&hellip;]<\/p>\n","protected":false},"author":6,"featured_media":1677,"parent":2310,"menu_order":0,"comment_status":"closed","ping_status":"closed","template":"","meta":{"_uf_show_specific_survey":0,"_uf_disable_surveys":false,"__cvm_playback_settings":[],"__cvm_video_id":"","_glsr_average":0,"_glsr_ranking":0,"_glsr_reviews":0,"footnotes":""},"class_list":["post-1672","page","type-page","status-publish","has-post-thumbnail","czr-hentry"],"aioseo_notices":[],"_links":{"self":[{"href":"https:\/\/salon-urody.wroclaw.pl\/index.php\/wp-json\/wp\/v2\/pages\/1672","targetHints":{"allow":["GET"]}}],"collection":[{"href":"https:\/\/salon-urody.wroclaw.pl\/index.php\/wp-json\/wp\/v2\/pages"}],"about":[{"href":"https:\/\/salon-urody.wroclaw.pl\/index.php\/wp-json\/wp\/v2\/types\/page"}],"author":[{"embeddable":true,"href":"https:\/\/salon-urody.wroclaw.pl\/index.php\/wp-json\/wp\/v2\/users\/6"}],"replies":[{"embeddable":true,"href":"https:\/\/salon-urody.wroclaw.pl\/index.php\/wp-json\/wp\/v2\/comments?post=1672"}],"version-history":[{"count":0,"href":"https:\/\/salon-urody.wroclaw.pl\/index.php\/wp-json\/wp\/v2\/pages\/1672\/revisions"}],"up":[{"embeddable":true,"href":"https:\/\/salon-urody.wroclaw.pl\/index.php\/wp-json\/wp\/v2\/pages\/2310"}],"wp:featuredmedia":[{"embeddable":true,"href":"https:\/\/salon-urody.wroclaw.pl\/index.php\/wp-json\/wp\/v2\/media\/1677"}],"wp:attachment":[{"href":"https:\/\/salon-urody.wroclaw.pl\/index.php\/wp-json\/wp\/v2\/media?parent=1672"}],"curies":[{"name":"wp","href":"https:\/\/api.w.org\/{rel}","templated":true}]}}